{"id":54,"date":"2021-03-04T12:22:34","date_gmt":"2021-03-04T11:22:34","guid":{"rendered":"http:\/\/d.r1.wbsprt.com\/kmplg.sk\/?page_id=54"},"modified":"2022-02-03T17:10:10","modified_gmt":"2022-02-03T16:10:10","slug":"magisterske-studium","status":"publish","type":"page","link":"https:\/\/kmplg.sk\/?page_id=54","title":{"rendered":"Magistersk\u00e9 \u0161t\u00fadium"},"content":{"rendered":"\n<h2><span class=\"has-inline-color has-vivid-red-color\">Akreditovan\u00fd Mgr. program: Mineral\u00f3gia, petrol\u00f3gia a\u00a0lo\u017eiskov\u00e1 geol\u00f3gia<\/span><\/h2>\n\n\n\n<p class=\"has-medium-font-size\"><em>Garant: <strong>prof. RNDr. Monika Huraiov\u00e1, PhD.<\/strong><\/em><\/p>\n\n\n\n<p>Magistersk\u00fd program <strong>Mineral\u00f3gia, petrol\u00f3gia a lo\u017eiskov\u00e1 geol\u00f3gia<\/strong> je nov\u00fdm \u0161tudijn\u00fdm programom, ktor\u00fd vznik\u00e1 spojen\u00edm magistersk\u00e9ho programu Mineral\u00f3gia a petrol\u00f3gia a magistersk\u00e9ho programu Lo\u017eiskov\u00e1 geol\u00f3gia. D\u00f4vodom zl\u00fa\u010denia bola ve\u013ek\u00e1 obsahov\u00e1 pr\u00edbuznos\u0165 oboch doteraj\u0161\u00edch magistersk\u00fdch \u0161tudijn\u00fdch programov, ke\u010f\u017ee lo\u017eisk\u00e1 nerastn\u00fdch surov\u00edn s\u00fa ulo\u017een\u00e9 v horninovom prostred\u00ed a objektom \u0165a\u017eby s\u00fa ekonomicky vyu\u017eite\u013en\u00e9 miner\u00e1ly alebo horniny. Spojen\u00fd magistersk\u00fd program <strong>koncentruje dlhoro\u010dn\u00e9 sk\u00fasenosti s\u00a0v\u00fdukou mineral\u00f3gie, petrol\u00f3gie, lo\u017eiskovej a\u00a0environmen\u00e1lnej geol\u00f3gie<\/strong>. Z\u00e1kladom programu s\u00fa <strong>predmety mineral\u00f3gie<\/strong> (Kry\u0161taloch\u00e9mia miner\u00e1lov, Genetick\u00e1 mineral\u00f3gia nerastn\u00fdch surov\u00edn, Kry\u0161talochemick\u00fd semin\u00e1r, Systematick\u00e1 gemol\u00f3gia a Akcesorick\u00e9 miner\u00e1ly), <strong>petrol\u00f3gie <\/strong>(Petrol\u00f3gia 1, Petrol\u00f3gia 2, Aplikovan\u00e1 mineral\u00f3gia a petrol\u00f3gia, Geoch\u00e9mia geologick\u00fdch prostred\u00ed) a <strong>lo\u017eiskovej geol\u00f3gie<\/strong> (Lo\u017eisk\u00e1 rudn\u00fdch surov\u00edn, Lo\u017eisk\u00e1 nerudn\u00fdch surov\u00edn, Lo\u017eisk\u00e1 nerastn\u00fdch surov\u00edn Slovenska, Ekonomika nerastn\u00fdch surov\u00edn a Aplik\u00e1cia GIS v lo\u017eiskovej a environment\u00e1lnej geol\u00f3gii). V predkladanom \u0161tudijnom programe Mineral\u00f3gia, petrol\u00f3gia a lo\u017eiskov\u00e1 geol\u00f3gia <strong>sa absolvent nau\u010d\u00ed analyzova\u0165 a klasifikova\u0165 miner\u00e1ly a horniny na z\u00e1klade ter\u00e9nnych a laborat\u00f3rnych v\u00fdsledkov<\/strong>. Obozn\u00e1mi sa s <strong>najnov\u0161\u00edmi met\u00f3dami ich v\u00fdskumu<\/strong>, ktor\u00fdch v\u00fdsledky vie interpretova\u0165 a tvorivo aplikova\u0165 s cie\u013eom z\u00edska\u0165 \u00fadaje o podmienkach vzniku miner\u00e1lov,\u00a0 horn\u00edn a lo\u017e\u00edsk nerastn\u00fdch surov\u00edn. Absolventi tohto \u0161tudijn\u00e9ho programu <strong>bud\u00fa schopn\u00ed pochopi\u0165 a overi\u0165 si poznatky o geologickej stavbe, potenci\u00e1lnej pr\u00edtomnosti lo\u017e\u00edsk nerastn\u00fdch surov\u00edn v \u0161tudovanom \u00fazem\u00ed a vypo\u010d\u00edta\u0165 z\u00e1soby nerastnej suroviny s vyu\u017eit\u00edm geoinforma\u010dn\u00fdch syst\u00e9mov<\/strong>. Absolventi sa obozn\u00e1mia so z\u00e1kladnou <strong>legislat\u00edvou<\/strong> t\u00fdkaj\u00facej sa vyh\u013ead\u00e1vania a \u0165a\u017eby nerastn\u00fdch surov\u00edn, n\u00e1strojmi surovinovej politiky \u0161t\u00e1tu a z\u00e1kladmi ur\u010dovania kritick\u00fdch surov\u00edn EU. Absolventi programu bud\u00fa vedie\u0165 pos\u00fadi\u0165 <strong>environment\u00e1lne rizik\u00e1 \u0165a\u017eby<\/strong> a <strong>\u00fapravy nerastn\u00fdch surov\u00edn<\/strong> na <strong>\u017eivotn\u00e9 prostredie <\/strong>(predmet Vplyv \u0165a\u017eby a \u00fapravy nerastn\u00fdch surov\u00edn na \u017eivotn\u00e9 prostredie). Dok\u00e1\u017eu zhodnoti\u0165 environment\u00e1lnu z\u00e1\u0165a\u017e akt\u00edvnych a opusten\u00fdch bansk\u00fdch diel, \u0165a\u017eobn\u00fdch skl\u00e1dok a odpadov, ur\u010di\u0165 sp\u00f4sob rekultiv\u00e1cie (predmet Met\u00f3dy san\u00e1cie environment\u00e1lnych z\u00e1\u0165a\u017e\u00ed) a ur\u010di\u0165 sp\u00f4sob ich \u010fal\u0161ieho vyu\u017eitia (napr. sekund\u00e1rne vyu\u017eitie bansk\u00fdch odpadov alebo bansk\u00fdch diel v eduk\u00e1cii a geoturistike) v s\u00falade s platnou legislat\u00edvou. Absolvent z\u00edska inform\u00e1cie o lo\u017eisk\u00e1ch nerastn\u00fdch surov\u00edn, ich gen\u00e9ze a environment\u00e1lnych aspektoch nielen z oblasti Z\u00e1padn\u00fdch Karp\u00e1t, ale aj zo sveta (predmet Lo\u017eisk\u00e1 sveta) a preto bude schopn\u00fd <strong>uplatni\u0165 sa nielen doma, ale aj v zahrani\u010dn\u00fdch prospek\u010dn\u00fdch a \u0165a\u017eobn\u00fdch spolo\u010dnostiach<\/strong>. Absolvent sa nau\u010d\u00ed <strong>interpretova\u0165 analytick\u00e9 \u00fadaje<\/strong> (Laborat\u00f3rne met\u00f3dy v mineral\u00f3gii, petrol\u00f3gii a lo\u017eiskovej geol\u00f3gii, <strong>Modern\u00e9 met\u00f3dy experiment\u00e1lneho v\u00fdskumu<\/strong>, Meranie a interpret\u00e1cia fluidn\u00fdch inkl\u00fazi\u00ed) a obsluhova\u0165 analytick\u00e9 pr\u00edstroje laborat\u00f3ri\u00ed na \u0161koliacom pracovisku, ako s\u00fa dve laborat\u00f3ri\u00e1 na v\u00fdskum fluidn\u00fdch inkl\u00fazi\u00ed (Laborat\u00f3rium fluidn\u00fdch inkl\u00fazi\u00ed a nov\u0161ie Laborat\u00f3rium optickej mikroskopie a mikrotermometrie fluidn\u00fdch inkl\u00fazi\u00ed), <strong>Laborat\u00f3rium v\u00fdskumu nerastn\u00fdch surov\u00edn, Gemologick\u00e9 laborat\u00f3rium a Laborat\u00f3rium RTG difrakcie <\/strong>vybudovan\u00e9 v r\u00e1mci Centra excelentnosti v\u00fdskumu tuhej f\u00e1zy a nanomateri\u00e1lov (SOLIPHA). Absolvent bude schopn\u00fd realizova\u0165 z\u00e1kladn\u00fd aj aplikovan\u00fd v\u00fdskum v mineral\u00f3gii, petrol\u00f3gii, lo\u017eiskovej a environment\u00e1lnej geol\u00f3gii pod\u013ea zamerania diplomovej pr\u00e1ce s vysokou mierou tvorivosti a samostatnosti, analyzova\u0165 z\u00edskan\u00e9 \u00fadaje a na ich podklade formulova\u0165 a overova\u0165 hypot\u00e9zy. <strong>Absolvent bude veden\u00fd tak, aby mohol v bud\u00facnosti riadi\u0165 pracovn\u00e9 t\u00edmy, samostatne vies\u0165 projekty a prevzia\u0165 zodpovednos\u0165 za komplexn\u00e9 rie\u0161enia aj v r\u00e1mci medziodborovej problematiky.<\/strong><\/p>\n\n\n\n<p><strong>Absolvent magistersk\u00e9ho \u0161tudijn\u00e9ho programu Mineral\u00f3gia, petrol\u00f3gia a\u00a0lo\u017eiskov\u00e1 geol\u00f3gia m\u00e1 uplatnenie<\/strong> v\u00a0z\u00e1kladnom aj aplikovanom v\u00fdskume zaoberaj\u00facom sa mineral\u00f3giou, petrol\u00f3giou, nerastn\u00fdmi surovinami a\u00a0environment\u00e1lnou problematikou, v\u00a0\u0161t\u00e1tnych aj s\u00fakromn\u00fdch organiz\u00e1ci\u00e1ch zaoberaj\u00facich sa vyh\u013ead\u00e1van\u00edm a \u0165a\u017ebou nerastn\u00fdch surov\u00edn, nakladan\u00edm s bansk\u00fdm odpadom, zhodnocovan\u00edm rizika bansk\u00fdch i priemyseln\u00fdch odpadov doma i\u00a0v\u00a0zahrani\u010d\u00ed. Absolventi s\u00fa uplatnite\u013en\u00ed aj v \u00fazemn\u00fdch samospr\u00e1vach rie\u0161iacich probl\u00e9my spojen\u00e9 s historickou, s\u00fa\u010dasnou aj bud\u00facou \u0165a\u017ebou nerastn\u00fdch surov\u00edn. Absolventi tohto \u0161tudijn\u00e9ho programu sa m\u00f4\u017eu zamestna\u0165 najm\u00e4 ako mineral\u00f3g, petrol\u00f3g, lo\u017eiskov\u00e1 geol\u00f3g (bansk\u00fd geol\u00f3g), environment\u00e1lny geol\u00f3g, vedeck\u00fd pracovn\u00edk v\u00a0geol\u00f3gii alebo kur\u00e1tor zbierok. Mineral\u00f3g a\u00a0petrol\u00f3g \u0161tuduje, hodnot\u00ed, klasifikuje a\u00a0\u0161tuduje miner\u00e1ly a\u00a0horniny. Sleduje ich genetick\u00e9 vz\u0165ahy, zaober\u00e1 sa sp\u00f4sobom ich vzniku a\u00a0premien. Vyu\u017e\u00edva pri tom najnov\u0161ie analytick\u00e9 met\u00f3dy a\u00a0rie\u0161i \u0161ir\u0161ie s\u00favislosti ich vzniku a veku v\u00a0kontexte stavby litosf\u00e9ry a\u00a0jej geodynamick\u00e9ho v\u00fdvoja. Mineral\u00f3g a\u00a0petrol\u00f3g prin\u00e1\u0161a aj z\u00e1kladn\u00e9 inform\u00e1cie potrebn\u00e9 k\u00a0vyh\u013ead\u00e1vaniu rudn\u00fdch i nerudn\u00fdch nerastn\u00fdch surov\u00edn. Uplat\u0148uje sa v\u00a0hlavne v\u00a0organiz\u00e1ci\u00e1ch zaoberaj\u00facich sa vedeck\u00fdm v\u00fdskumom a\u00a0v\u00fdvojom a\u00a0v\u00a0\u0165a\u017eobn\u00fdch a\u00a0bansk\u00fdch spolo\u010dnostiach zameran\u00fdch na z\u00edskavanie a\u00a0spracovanie nerastn\u00fdch surov\u00edn. Lo\u017eiskov\u00fd geol\u00f3g sa zaober\u00e1 procesmi ved\u00facimi k\u00a0vzniku a akumul\u00e1cii nerastn\u00fdch surov\u00edn vo vrchnej k\u00f4re, ich vyh\u013ead\u00e1van\u00edm, \u0165a\u017ebou, vyu\u017eit\u00edm a\u00a0spracovan\u00edm. Vykon\u00e1va geologicko-prieskumn\u00e9 a geologicko-v\u00fdskumn\u00e9 \u010dinnosti v bansk\u00fdch hlbinn\u00fdch a povrchov\u00fdch podmienkach rudn\u00fdch, nerudn\u00fdch a fos\u00edlnych lo\u017e\u00edsk. Stanovuje a upres\u0148uje geologick\u00e9 pomery lo\u017eiska,\u00a0 vypo\u010d\u00edtava stav ekonomicky vyu\u017eite\u013en\u00fdch z\u00e1sob. Lo\u017eiskov\u00fd geol\u00f3g sa priamo podie\u013ea na vyh\u013ead\u00e1van\u00ed a\u00a0vyu\u017e\u00edvan\u00ed nerastn\u00fdch surov\u00edn potrebn\u00fdch pre rozvoj spolo\u010dnosti.<\/p>\n\n\n\n<p><strong>Mineral\u00f3g a\u00a0petrol\u00f3g sa m\u00f4\u017ee uplatni\u0165 <\/strong>aj ako kur\u00e1tor zbierkov\u00e9ho fondu, ktor\u00fd fond buduje, spravuje, vedecky spracov\u00e1va a\u00a0spr\u00edstup\u0148uje verejnosti. Kur\u00e1tor vie ohodnoti\u0165 v\u00fdznam a\u00a0kvalitu vystavovan\u00fdch pr\u00edrodn\u00edn a\u00a0sprostredkova\u0165 ich \u0161irokej verejnosti, \u010d\u00edm prispieva k\u00a0budovaniu kult\u00farneho a\u00a0pr\u00edrodn\u00e9ho dedi\u010dstva. Environment\u00e1lny geol\u00f3g vykon\u00e1va odborn\u00fa pr\u00e1cu s\u00favisiacu s\u00a0ochranou \u017eivotn\u00e9ho prostredia najm\u00e4 v\u00a0bl\u00edzkosti akt\u00edvnych i\u00a0neakt\u00edvnych bansk\u00fdch diel, podnikov zaoberaj\u00facich sa \u00fapravou surov\u00edn. Hodnot\u00ed rizik\u00e1 vypl\u00fdvaj\u00face z konkr\u00e9tnej v\u00fdrobnej a prev\u00e1dzkovej \u010dinnosti podniku a navrhuje opatrenia na minimaliz\u00e1ciu t\u00fdchto riz\u00edk. Vie odhali\u0165 skryt\u00e9 environment\u00e1lne rizik\u00e1 po b\u00fdvalej \u0165a\u017ebe \u010di historickej priemyselnej v\u00fdrobe. Vedie aj environment\u00e1lnu agendu v\u00a0zmysle platnej legislat\u00edvy. Poznaj\u00fac horninov\u00e9 prostredie okolia lo\u017e\u00edsk nerastn\u00fdch surov\u00edn vie pos\u00fadi\u0165 \u010di sa jedn\u00e1 o\u00a0prirodzene zv\u00fd\u0161en\u00fa koncentr\u00e1ciu sledovan\u00fdch prvkov,\u00a0 alebo o\u00a0koncentr\u00e1ciu sp\u00f4soben\u00fa \u013eudsk\u00fdm faktorom. Pri navrhovan\u00ed sana\u010dn\u00fdch technol\u00f3gi\u00ed environment\u00e1lnych z\u00e1\u0165a\u017e\u00ed vyu\u017eij\u00fa na\u0161i absolventi hlavne znalosti stability prim\u00e1rnych a\u00a0sekund\u00e1rnych miner\u00e1lnych f\u00e1z a\u00a0preh\u013ead o\u00a0sorp\u010dn\u00fdch vlastnostiach nerastn\u00fdch surov\u00edn. Absolvent \u0161tudijn\u00e9ho programu Mineral\u00f3gia, petrol\u00f3gia a\u00a0lo\u017eiskov\u00e1 geol\u00f3gia m\u00e1 vedomosti aj o mo\u017enosti vyu\u017eitia poznatkov mineralogicko-petrologick\u00e9ho a lo\u017eiskov\u00e9ho \u0161t\u00fadia v aplikovanom technologickom v\u00fdskume materi\u00e1lov vyr\u00e1ban\u00fdch v r\u00f4znych priemyseln\u00fdch odvetviach z prim\u00e1rnych pr\u00edrodn\u00fdch surov\u00edn, ale aj odpadov\u00e9ho materi\u00e1lu. M\u00f4\u017ee sa preto uplatni\u0165 v\u00a0nasledovn\u00fdch organiz\u00e1ci\u00e1ch a oblastiach doma aj v zahrani\u010d\u00ed:<\/p>\n\n\n\n<ul><li>\u0161t\u00e1tne a&nbsp;s\u00fakromn\u00e9 v\u00fdskumn\u00e9 organiz\u00e1cie geologick\u00e9ho a&nbsp;technick\u00e9ho zamerania zaoberaj\u00facich sa kvalitou nerastn\u00fdch surov\u00edn a pr\u00edpravou&nbsp;technick\u00fdch geomateri\u00e1lov a&nbsp;syntetick\u00fdch materi\u00e1lov<\/li><li>vysoko\u0161kolsk\u00e9 vzdel\u00e1vacie in\u0161tit\u00facie, ako s\u00fa univerzity, \u00fastavy SAV a&nbsp;in\u00e9 rezortn\u00e9 v\u00fdskumn\u00e9 organiz\u00e1cie pr\u00edrodovedn\u00e9ho aj technick\u00e9ho zamerania<\/li><li>geologick\u00e9 a geotechnick\u00e9 firmy zameran\u00e9 na vyh\u013ead\u00e1vanie a&nbsp;prieskum pr\u00edrodn\u00fdch surovinov\u00fdch zdrojov a&nbsp;vyhodnotenie ich kvality<\/li><li>bansk\u00e9 a&nbsp;\u0165a\u017eobn\u00e9 spolo\u010dnosti<\/li><li>s\u00fakromn\u00e1 podnikate\u013esk\u00e1 \u010dinnos\u0165 v&nbsp;n\u00e1rodn\u00fdch aj nadn\u00e1rodn\u00fdch geologick\u00fdch a&nbsp;pr\u00edbuzn\u00fdch technick\u00fdch (geotechnika, vodohospod\u00e1rstvo) organiz\u00e1ci\u00e1ch<\/li><li>environment\u00e1lno-ekologick\u00e1, \u00fazemno \u2013 projek\u010dn\u00e1<\/li><li>organiz\u00e1cie zameran\u00e9 na ochranu pr\u00edrody<\/li><li>ministerstv\u00e1 a&nbsp;org\u00e1ny \u0161t\u00e1tnej spr\u00e1vy<\/li><li>organiz\u00e1cie zameran\u00e9 na \u010dinnosti v oblasti gemol\u00f3gie pri posudzovan\u00ed kvality polodrahokamov a&nbsp;drahokamov, ich v\u00fdskumu a&nbsp; laborat\u00f3rno-technickej \u00faprave<\/li><li>region\u00e1lna a&nbsp;lok\u00e1lna samospr\u00e1va<\/li><li>pr\u00edrodovedn\u00e9 a&nbsp;vlastivedn\u00e9 m\u00faze\u00e1<\/li><li>cestovn\u00fd ruch, geoparky,&nbsp;geoturistika a&nbsp;muzeol\u00f3gia<\/li><li>\u0161t\u00e1tne aj s\u00fakromn\u00e9 organiz\u00e1cie zaoberaj\u00face sa re\u0161taurovan\u00edm a&nbsp;ochranou kult\u00farneho dedi\u010dstva.<\/li><\/ul>\n\n\n\n<p>Ni\u017e\u0161ie si m\u00f4\u017ete stiahnu\u0165 <span class=\"has-inline-color has-vivid-red-color\"><strong>Informa\u010dn\u00e9 listy predmetov<\/strong><\/span> a <span class=\"has-inline-color has-vivid-red-color\"><strong>odpor\u00fa\u010dan\u00fd \u0161tudijn\u00fd pl\u00e1n<\/strong><\/span> programu.<\/p>\n\n\n\n<div class=\"wp-block-columns\">\n<div class=\"wp-block-column\" style=\"flex-basis:50%\">\n<div class=\"wp-block-file\"><a href=\"https:\/\/kmplg.sk\/wp-content\/uploads\/2022\/02\/Mgr.-MPLG-STUDIJNY-PLAN.pdf\">\u0160tudijn\u00fd pl\u00e1n<\/a><a href=\"https:\/\/kmplg.sk\/wp-content\/uploads\/2022\/02\/Mgr.-MPLG-STUDIJNY-PLAN.pdf\" class=\"wp-block-file__button\" download>Stiahnu\u0165<\/a><\/div>\n<\/div>\n\n\n\n<div class=\"wp-block-column\" style=\"flex-basis:50%\">\n<div class=\"wp-block-file\"><a href=\"https:\/\/kmplg.sk\/wp-content\/uploads\/2022\/02\/Informacne_listy_Mgr_Mineralogia_petrologia_loz_geologia.pdf\"> Informa\u010dn\u00e9 listy predmetov <\/a><a href=\"https:\/\/kmplg.sk\/wp-content\/uploads\/2022\/02\/Informacne_listy_Mgr_Mineralogia_petrologia_loz_geologia.pdf\" class=\"wp-block-file__button\" download>Stiahnu\u0165<\/a><\/div>\n<\/div>\n<\/div>\n","protected":false},"excerpt":{"rendered":"<p>Akreditovan\u00fd Mgr. program: Mineral\u00f3gia, petrol\u00f3gia a\u00a0lo\u017eiskov\u00e1 geol\u00f3gia Garant: prof. RNDr. &hellip; <\/p>\n","protected":false},"author":2,"featured_media":0,"parent":0,"menu_order":0,"comment_status":"closed","ping_status":"closed","template":"","meta":{"_monsterinsights_skip_tracking":false,"_monsterinsights_sitenote_active":false,"_monsterinsights_sitenote_note":"","_monsterinsights_sitenote_category":0,"ngg_post_thumbnail":0},"folder":[49],"yoast_head":"<!-- This site is optimized with the Yoast SEO plugin v19.4 - https:\/\/yoast.com\/wordpress\/plugins\/seo\/ -->\n<title>Magistersk\u00e9 \u0161t\u00fadium - Katedra mineral\u00f3gie, petrol\u00f3gie a lo\u017eiskovej geol\u00f3gie<\/title>\n<meta name=\"robots\" content=\"index, follow, max-snippet:-1, max-image-preview:large, max-video-preview:-1\" \/>\n<link rel=\"canonical\" href=\"https:\/\/kmplg.sk\/?page_id=54\" \/>\n<meta property=\"og:locale\" content=\"sk_SK\" \/>\n<meta property=\"og:type\" content=\"article\" \/>\n<meta property=\"og:title\" content=\"Magistersk\u00e9 \u0161t\u00fadium - Katedra mineral\u00f3gie, petrol\u00f3gie a lo\u017eiskovej geol\u00f3gie\" \/>\n<meta property=\"og:description\" content=\"Akreditovan\u00fd Mgr. program: Mineral\u00f3gia, petrol\u00f3gia a\u00a0lo\u017eiskov\u00e1 geol\u00f3gia Garant: prof. RNDr. &hellip;\" \/>\n<meta property=\"og:url\" content=\"https:\/\/kmplg.sk\/?page_id=54\" \/>\n<meta property=\"og:site_name\" content=\"Katedra mineral\u00f3gie, petrol\u00f3gie a lo\u017eiskovej geol\u00f3gie\" \/>\n<meta property=\"article:publisher\" content=\"https:\/\/www.facebook.com\/kmplg\/\" \/>\n<meta property=\"article:modified_time\" content=\"2022-02-03T16:10:10+00:00\" \/>\n<meta name=\"twitter:card\" content=\"summary_large_image\" \/>\n<meta name=\"twitter:label1\" content=\"Predpokladan\u00fd \u010das \u010d\u00edtania\" \/>\n\t<meta name=\"twitter:data1\" content=\"6 min\u00fat\" \/>\n<script type=\"application\/ld+json\" class=\"yoast-schema-graph\">{\"@context\":\"https:\/\/schema.org\",\"@graph\":[{\"@type\":\"WebSite\",\"@id\":\"https:\/\/kmplg.sk\/#website\",\"url\":\"https:\/\/kmplg.sk\/\",\"name\":\"Katedra mineral\u00f3gie, petrol\u00f3gie a lo\u017eiskovej geol\u00f3gie\",\"description\":\"Pr\u00edrodovedeck\u00e1 fakulta Univerzity Komensk\u00e9ho v Bratislave\",\"potentialAction\":[{\"@type\":\"SearchAction\",\"target\":{\"@type\":\"EntryPoint\",\"urlTemplate\":\"https:\/\/kmplg.sk\/?s={search_term_string}\"},\"query-input\":\"required name=search_term_string\"}],\"inLanguage\":\"sk-SK\"},{\"@type\":\"WebPage\",\"@id\":\"https:\/\/kmplg.sk\/?page_id=54\",\"url\":\"https:\/\/kmplg.sk\/?page_id=54\",\"name\":\"Magistersk\u00e9 \u0161t\u00fadium - Katedra mineral\u00f3gie, petrol\u00f3gie a lo\u017eiskovej geol\u00f3gie\",\"isPartOf\":{\"@id\":\"https:\/\/kmplg.sk\/#website\"},\"datePublished\":\"2021-03-04T11:22:34+00:00\",\"dateModified\":\"2022-02-03T16:10:10+00:00\",\"breadcrumb\":{\"@id\":\"https:\/\/kmplg.sk\/?page_id=54#breadcrumb\"},\"inLanguage\":\"sk-SK\",\"potentialAction\":[{\"@type\":\"ReadAction\",\"target\":[\"https:\/\/kmplg.sk\/?page_id=54\"]}]},{\"@type\":\"BreadcrumbList\",\"@id\":\"https:\/\/kmplg.sk\/?page_id=54#breadcrumb\",\"itemListElement\":[{\"@type\":\"ListItem\",\"position\":1,\"name\":\"Home\",\"item\":\"https:\/\/kmplg.sk\/\"},{\"@type\":\"ListItem\",\"position\":2,\"name\":\"Magistersk\u00e9 \u0161t\u00fadium\"}]}]}<\/script>\n<!-- \/ Yoast SEO plugin. -->","yoast_head_json":{"title":"Magistersk\u00e9 \u0161t\u00fadium - Katedra mineral\u00f3gie, petrol\u00f3gie a lo\u017eiskovej geol\u00f3gie","robots":{"index":"index","follow":"follow","max-snippet":"max-snippet:-1","max-image-preview":"max-image-preview:large","max-video-preview":"max-video-preview:-1"},"canonical":"https:\/\/kmplg.sk\/?page_id=54","og_locale":"sk_SK","og_type":"article","og_title":"Magistersk\u00e9 \u0161t\u00fadium - Katedra mineral\u00f3gie, petrol\u00f3gie a lo\u017eiskovej geol\u00f3gie","og_description":"Akreditovan\u00fd Mgr. program: Mineral\u00f3gia, petrol\u00f3gia a\u00a0lo\u017eiskov\u00e1 geol\u00f3gia Garant: prof. RNDr. &hellip;","og_url":"https:\/\/kmplg.sk\/?page_id=54","og_site_name":"Katedra mineral\u00f3gie, petrol\u00f3gie a lo\u017eiskovej geol\u00f3gie","article_publisher":"https:\/\/www.facebook.com\/kmplg\/","article_modified_time":"2022-02-03T16:10:10+00:00","twitter_card":"summary_large_image","twitter_misc":{"Predpokladan\u00fd \u010das \u010d\u00edtania":"6 min\u00fat"},"schema":{"@context":"https:\/\/schema.org","@graph":[{"@type":"WebSite","@id":"https:\/\/kmplg.sk\/#website","url":"https:\/\/kmplg.sk\/","name":"Katedra mineral\u00f3gie, petrol\u00f3gie a lo\u017eiskovej geol\u00f3gie","description":"Pr\u00edrodovedeck\u00e1 fakulta Univerzity Komensk\u00e9ho v Bratislave","potentialAction":[{"@type":"SearchAction","target":{"@type":"EntryPoint","urlTemplate":"https:\/\/kmplg.sk\/?s={search_term_string}"},"query-input":"required name=search_term_string"}],"inLanguage":"sk-SK"},{"@type":"WebPage","@id":"https:\/\/kmplg.sk\/?page_id=54","url":"https:\/\/kmplg.sk\/?page_id=54","name":"Magistersk\u00e9 \u0161t\u00fadium - Katedra mineral\u00f3gie, petrol\u00f3gie a lo\u017eiskovej geol\u00f3gie","isPartOf":{"@id":"https:\/\/kmplg.sk\/#website"},"datePublished":"2021-03-04T11:22:34+00:00","dateModified":"2022-02-03T16:10:10+00:00","breadcrumb":{"@id":"https:\/\/kmplg.sk\/?page_id=54#breadcrumb"},"inLanguage":"sk-SK","potentialAction":[{"@type":"ReadAction","target":["https:\/\/kmplg.sk\/?page_id=54"]}]},{"@type":"BreadcrumbList","@id":"https:\/\/kmplg.sk\/?page_id=54#breadcrumb","itemListElement":[{"@type":"ListItem","position":1,"name":"Home","item":"https:\/\/kmplg.sk\/"},{"@type":"ListItem","position":2,"name":"Magistersk\u00e9 \u0161t\u00fadium"}]}]}},"_links":{"self":[{"href":"https:\/\/kmplg.sk\/index.php?rest_route=\/wp\/v2\/pages\/54"}],"collection":[{"href":"https:\/\/kmplg.sk\/index.php?rest_route=\/wp\/v2\/pages"}],"about":[{"href":"https:\/\/kmplg.sk\/index.php?rest_route=\/wp\/v2\/types\/page"}],"author":[{"embeddable":true,"href":"https:\/\/kmplg.sk\/index.php?rest_route=\/wp\/v2\/users\/2"}],"replies":[{"embeddable":true,"href":"https:\/\/kmplg.sk\/index.php?rest_route=%2Fwp%2Fv2%2Fcomments&post=54"}],"version-history":[{"count":6,"href":"https:\/\/kmplg.sk\/index.php?rest_route=\/wp\/v2\/pages\/54\/revisions"}],"predecessor-version":[{"id":2864,"href":"https:\/\/kmplg.sk\/index.php?rest_route=\/wp\/v2\/pages\/54\/revisions\/2864"}],"wp:attachment":[{"href":"https:\/\/kmplg.sk\/index.php?rest_route=%2Fwp%2Fv2%2Fmedia&parent=54"}],"wp:term":[{"taxonomy":"folder","embeddable":true,"href":"https:\/\/kmplg.sk\/index.php?rest_route=%2Fwp%2Fv2%2Ffolder&post=54"}],"curies":[{"name":"wp","href":"https:\/\/api.w.org\/{rel}","templated":true}]}}