{"id":3352,"date":"2025-02-17T19:25:12","date_gmt":"2025-02-17T18:25:12","guid":{"rendered":"https:\/\/kmplg.sk\/?page_id=3352"},"modified":"2025-02-17T19:29:58","modified_gmt":"2025-02-17T18:29:58","slug":"assoc-prof-peter-bacik-phd","status":"publish","type":"page","link":"https:\/\/kmplg.sk\/?page_id=3352&lang=en","title":{"rendered":"Assoc. Prof. Peter Ba\u010d\u00edk, PhD."},"content":{"rendered":"\n<div class=\"wp-block-image is-style-default\"><figure class=\"alignleft size-large\"><img loading=\"lazy\" width=\"300\" height=\"300\" src=\"http:\/\/d.r1.wbsprt.com\/kmplg.sk\/wp-content\/uploads\/2021\/04\/11700807_10155731843245333_618089754308707851_n-1-1-e1617714559155.jpg\" alt=\"\" class=\"wp-image-934\"\/><\/figure><\/div>\n\n\n\n<div class=\"wp-block-group\"><div class=\"wp-block-group__inner-container\">\n<div class=\"wp-block-columns\">\n<div class=\"wp-block-column\" style=\"flex-basis:100%\">\n<figure class=\"wp-block-table is-style-stripes\"><table class=\"has-background\" style=\"background-color:#fcf0ef\"><tbody><tr><td><strong>Position<\/strong> <\/td><td>Associate Professor<\/td><\/tr><tr><td><strong>Room<\/strong> <\/td><td>G-348<\/td><\/tr><tr><td><strong>Phone:&nbsp;<\/strong><\/td><td>+421 2 9014 9<strong>294<\/strong><\/td><\/tr><tr><td><strong>E-mail:<\/strong> <\/td><td>peter.bacik@uniba.sk<\/td><\/tr><tr><td><strong>Publications<\/strong><\/td><td><a href=\"http:\/\/alis.uniba.sk:9909\/search\/query?match_1=PHRASE&amp;field_1=authid&amp;term_1=448396&amp;sort=callNumber&amp;theme=EPC\" target=\"_blank\" rel=\"noreferrer noopener\">link<\/a><\/td><\/tr><\/tbody><\/table><\/figure>\n\n\n\n<p><\/p>\n<\/div>\n<\/div>\n<\/div><\/div>\n\n\n\n<div class=\"wp-block-buttons\">\n<div class=\"wp-block-button is-style-fill\"><a class=\"wp-block-button__link has-vivid-red-color has-very-light-gray-to-cyan-bluish-gray-gradient-background has-text-color has-background\" href=\"http:\/\/peterbacik.com\" target=\"_blank\" rel=\"noreferrer noopener\"><img loading=\"lazy\" width=\"20\" height=\"19\" class=\"wp-image-1958\" style=\"width: 20px;\" src=\"http:\/\/kmplg.sk\/wp-content\/uploads\/2021\/04\/android_dynamic_links.png\" alt=\"\">Personal webpage<\/a><\/div>\n\n\n\n<div class=\"wp-block-button is-style-fill\"><a class=\"wp-block-button__link has-vivid-red-color has-very-light-gray-to-cyan-bluish-gray-gradient-background has-text-color has-background\" href=\"https:\/\/www.researchgate.net\/profile\/Peter-Bacik\" target=\"_blank\" rel=\"noreferrer noopener\"><img loading=\"lazy\" width=\"20\" height=\"19\" class=\"wp-image-1394\" style=\"width: 20px;\" src=\"http:\/\/kmplg.sk\/wp-content\/uploads\/2021\/04\/linkedinvsresearchgate_v2-1.png\" alt=\"\"> <span>ResearchGate<\/span><\/a><\/div>\n\n\n\n<div class=\"wp-block-button is-style-fill\"><a class=\"wp-block-button__link has-vivid-red-color has-very-light-gray-to-cyan-bluish-gray-gradient-background has-text-color has-background\" href=\"https:\/\/www.scopus.com\/authid\/detail.uri?authorId=26026800200\" target=\"_blank\" rel=\"noreferrer noopener\"><img loading=\"lazy\" width=\"20\" height=\"20\" class=\"wp-image-1401\" style=\"width: 20px;\" src=\"http:\/\/kmplg.sk\/wp-content\/uploads\/2021\/04\/68747470733a2f2f7777772e6665722e756e697a672e68722f5f7075622f7468656d65735f7374617469632f666572323031362f64656661756c742f696d672f73636f7075732d69636f6e2e706e67.png\" alt=\"\"> SCOPUS<\/a><\/div>\n\n\n\n<div class=\"wp-block-button is-style-fill\"><a class=\"wp-block-button__link has-vivid-red-color has-very-light-gray-to-cyan-bluish-gray-gradient-background has-text-color has-background\" href=\"https:\/\/orcid.org\/0000-0002-5381-9840\" target=\"_blank\" rel=\"noreferrer noopener\"><img loading=\"lazy\" width=\"20\" height=\"20\" class=\"wp-image-1391\" style=\"width: 20px;\" src=\"http:\/\/kmplg.sk\/wp-content\/uploads\/2021\/04\/1200px-ORCID_iD-1.png\" alt=\"\"> ORCID<\/a><\/div>\n\n\n\n<div class=\"wp-block-button is-style-fill\"><a class=\"wp-block-button__link has-vivid-red-color has-very-light-gray-to-cyan-bluish-gray-gradient-background has-text-color has-background\" href=\"https:\/\/publons.com\/researcher\/1604642\/peter-bacik\/\" target=\"_blank\" rel=\"noreferrer noopener\"><img loading=\"lazy\" width=\"20\" height=\"20\" class=\"wp-image-1407\" style=\"width: 20px;\" src=\"http:\/\/kmplg.sk\/wp-content\/uploads\/2021\/04\/Unknown.png\" alt=\"\"> Publons<\/a><\/div>\n\n\n\n<div class=\"wp-block-button is-style-fill\"><a class=\"wp-block-button__link has-vivid-red-color has-very-light-gray-to-cyan-bluish-gray-gradient-background has-text-color has-background\" href=\"https:\/\/scholar.google.com\/citations?hl=sk&amp;user=AbCqA1AAAAAJ\" target=\"_blank\" rel=\"noreferrer noopener\"><img loading=\"lazy\" width=\"20\" height=\"19\" class=\"wp-image-1958\" style=\"width: 20px;\" src=\"http:\/\/kmplg.sk\/wp-content\/uploads\/2021\/04\/android_dynamic_links.png\" alt=\"\">Google Scholar<\/a><\/div>\n<\/div>\n\n\n\n<h2>Scientific interests<\/h2>\n\n\n\n<ul id=\"block-f6c8f610-2207-425d-b28a-e26d7b941b42\"><li>silicate mineralogy<\/li><li>crystal chemistry<\/li><li>structural topology<\/li><li>crystallography<\/li><li>diffractometric a&nbsp;spectroscopic analytical methods<\/li><li>experimental mineralogy<\/li><li>environmental mineralogy<\/li><li>gemmology<\/li><\/ul>\n\n\n\n<h2>Teaching activities<\/h2>\n\n\n\n<p>My teaching activities are focused on&nbsp;mineralogy, crystallography, crystal chemistry&nbsp;a analytical methods in mineralogy.<\/p>\n\n\n\n<p><strong><strong>Bachelor degree<\/strong><\/strong><\/p>\n\n\n\n<ul><li>Mineralogy 1<\/li><li>Morphological and structural crystallography <\/li><li>Laboratory methods in geology<\/li><\/ul>\n\n\n\n<p><strong><strong>Master degree<\/strong><\/strong><\/p>\n\n\n\n<ul><li>Crystal chemistry of silicates <\/li><li>X-ray diffractometry <\/li><li>Crystal-chemical calculations<\/li><li>Laboratory methods in mineralogy a&nbsp;petrology <\/li><li>Cosmogenic geology <\/li><li>Environmental mineralogy <\/li><li>Crystal-chemical seminary <\/li><li>Mineralogy of dust particles in atmosphere<\/li><\/ul>\n\n\n\n<p><strong>PhD. <strong><strong>degree<\/strong><\/strong><\/strong><\/p>\n\n\n\n<ul><li>Crystal chemistry of silicate minerals<\/li><li>Crystal chemistry of non-silicate minerals<\/li><li>Mineralogy of rocks<\/li><li>Laboratory methods of mineral research<\/li><li>Mineralogy of environment<\/li><\/ul>\n\n\n\n<hr class=\"wp-block-separator\"\/>\n\n\n\n<h2>The most significant publications<\/h2>\n\n\n\n<div class=\"wp-block-group\"><div class=\"wp-block-group__inner-container\">\n<ul><li>Ba\u010d\u00edk P., Miyawaki R., Atencio D., C\u00e1mara F., Fridrichov\u00e1 J., 2017: <strong>Nomenclature of gadolinite supergroup<\/strong>. <em>European Journal of Mineralogy<\/em>, 29, 1067-1082<\/li><li>Ba\u010d\u00edk P., Cemp\u00edrek J., Uher P., Ozd\u00edn D., Filip J., Nov\u00e1k M., \u0160koda R., Breiter K., Klementov\u00e1 M., \u010eu\u010fa R., Groat L., 2013: <strong>Oxy-schorl, Na(Fe2+2Al)Al6Si6O18(BO3)3(OH)3O, a new mineral species from Zlat\u00e1 Idka, Slovak Republic: Description and crystal structure.<\/strong> <em>American Mineralogist<\/em>, 98, 485-492.<\/li><li>Ba\u010d\u00edk P., Uher P., Ertl A., Jonsson E., Nysten P., Kanick\u00fd V. &amp; Vaculovi\u010d T., 2012: <strong>Zoned REE-enriched dravite from a granitic pegmatite in Forshammar, Bergslagen province, Sweden: An EMPA, XRD and LA-ICP-MS study<\/strong>. <em>Canadian Mineralogist<\/em>, 50, 825-841.<\/li><li>Ba\u010d\u00edk P., Ozd\u00edn D., Miglierini B., Kardo\u0161ov\u00e1 P., Pentr\u00e1k M. &amp; Haloda J., 2011: <strong>Crystallochemical effects of heat treatment on Fe-dominant tourmalines from Doln\u00ed Bory (Czech Republic) and Vlachovo (Slovakia)<\/strong>. <em>Physics and Chemistry of Minerals<\/em>, 38, 599-611.<\/li><li>Ba\u010d\u00edk P., Uher P., S\u00fdkora M. &amp; Lipka J., 2008: <strong>Low-Al tourmalines of the schorl-dravite &#8211; povondraite series in redeposited tourmalinites from the Western Carpathians, Slovakia<\/strong>. <em>Canadian Mineralogist<\/em>, 46, 1117-1129.<\/li><\/ul>\n<\/div><\/div>\n\n\n\n<h2>The newest publications<\/h2>\n\n\n\n<ul type=\"1\"><li>Ondrejka M., <strong>Ba\u010d\u00edk P.<\/strong>, Majzlan J., Uher P., Ferenc \u0160., \u0160tevko M., \u010caplovi\u010dov\u00e1 M., Milovsk\u00e1 S., Miku\u0161 T., R\u00f6\u00dfler C., Matthes C., Moln\u00e1rov\u00e1 A., 2024: <strong>Xenotime-(Gd), a new Gd-dominant mineral of the xenotime group from the Zimn\u00e1 Voda REE-U-Au quartz vein, Prakovce, Western Carpathians, Slovakia. <\/strong><em>Mineralogical Magazine<\/em>, 88, 613-622<\/li><li><strong>Ba\u010d\u00edk P.<\/strong>, Kardo\u0161ov\u00e1 P., Fridrichov\u00e1 J., Rybnikova O., \u0160koda R., 2024: <strong>Crystal-chemical effects of heat treatment on Cr- and V-bearing Ca-dominant green tourmalines (fluor-uvite, magnesio-lucchesiite). <\/strong><em>Periodico di Mineralogia<\/em>, 93, 147-164<\/li><li>Chl\u00e1dek \u0160., Nov\u00e1k M., Uher P., Gadas P., Mat\u00fdsek D., <strong>Ba\u010d\u00edk P<\/strong>., \u0160koda R., 2024: <strong>Evolution of beryllium minerals in granitic pegmatite Mar\u0161\u00edkov D6e, Czech Republic: Complex breakdown of primary beryl by internal and external hydrothermal-metamorphic fluids. <\/strong><em>Geochemistry<\/em>, 84, 126092<\/li><li><strong>Ba\u010d\u00edk P.<\/strong>, Wildner M., Cemp\u00edrek J., \u0160koda R., Cibula P., Vaculovi\u010d T., 2023: <strong>The position of vanadium in the crystal structure of zoisite, variety tanzanite: Structural refinement, optical absorption spectroscopy and bond-valence calculations<\/strong>. <em>Mineralogical Magazine<\/em>, 87, 599-610<\/li><li>Rybnikova O., <strong>Ba\u010d\u00edk P<\/strong>., Uher P., Fridrichov\u00e1 J., Lalinsk\u00e1-Volekov\u00e1 B., Kubern\u00e1tov\u00e1 M., Hanus R., 2023: <strong>Characterization of chrysoberyl and its gemmological varieties by Raman spectroscopy<\/strong>. <em>Journal of Raman Spectroscopy<\/em>, 54, 857-870<\/li><li>Ondrejka M., Uher P., Ferenc \u0160., Majzlan J., Pollok K., Miku\u0161 T., Milovsk\u00e1 S., Moln\u00e1rov\u00e1 A., \u0160koda R., Kop\u00e1\u010dik R., Orov\u010d\u00edk \u013d., <strong>Ba\u010d\u00edk P<\/strong>., 2023: <strong>Monazite-(Gd), a new mineral of the monazite group from Prakovce-Zimn\u00e1 voda REE-U-Au quartz vein, Western Carpathians, Slovakia<\/strong>. <em>Mineralogical Magazine<\/em>, 87, 568-574<\/li><li>Rybnikova O., Uher P., <strong>Ba\u010d\u00edk P.<\/strong>, Nov\u00e1k M., Chl\u00e1dek \u0160., Kurylo S., Vaculovi\u010d T., 2023: <strong>Chrysoberyl and associated beryllium minerals resulting from metamorphic overprinting of the Mar\u0161\u00edkov\u2013Schinderh\u00fcbel III pegmatite, Czech Republic<\/strong>. <em>Mineralogical Magazine<\/em>, 87, 369\u2013381<\/li><li>Ondrejka M., Uher P., Ferenc \u0160, Milovsk\u00e1 S., Miku\u0161 T., Moln\u00e1rov\u00e1 A., \u0160koda R., Kop\u00e1\u010dik R., <strong>Ba\u010d\u00edk P<\/strong>., 2023: <strong>Gadolinium-dominant monazite and xenotime: Selective hydrothermal enrichment of middle REE during low-temperature alteration of uraninite, brannerite, and fluorapatite (the Zimn\u00e1 Voda REE-U-Au quartz vein, Western Carpathians, Slovakia). <\/strong><em>American Mineralogist<\/em>, 108, 754-768<\/li><li><strong>Ba\u010d\u00edk P.<\/strong>, Fridrichov\u00e1 J., Rybnikova O., \u0160tub\u0148a J., Ill\u00e1\u0161ov\u00e1 \u013d., \u0160koda R., Vaculovi\u010d T., Puli\u0161ov\u00e1 Z., Se\u010dk\u00e1r P., 2023: <strong>Crystal-Chemical and Spectroscopic Study of Gem Sphalerite from Bansk\u00e1 \u0160tiavnica, Slovakia<\/strong>. <em>Minerals<\/em>, 13(1), 109<\/li><\/ul>\n\n\n\n<h2>Current Projects<\/h2>\n\n\n\n<p><a href=\"https:\/\/kmplg.sk\/?page_id=3262\"><strong>09I03-03-V04-00060 TheoCrystMin &#8211; main researcher<\/strong> (2024-2026) \u201e\u201eApplication of modern analytical and theoretical methods in the crystal-chemical study of minerals<\/a>\u201c\u201d<span class=\"has-inline-color has-vivid-red-color\"><span class=\"collapseomatic \" id=\"id69f1c1f52d7e9\"  tabindex=\"0\" title=\"(&lt;em&gt;Click for project details&lt;\/em&gt;)\"    >(<em>Click for project details<\/em>)<\/span><div id=\"target-id69f1c1f52d7e9\" class=\"collapseomatic_content \"><em>within the framework of the Recovery and Resilience Plan of the Slovak Republic, component 9. More efficient management and strengthening of funding for research, development and innovation of the Recovery and Resilience Plan of the Slovak Republic, Investment 3. Excellent science, calls with code 09I03-03-V04 &#8222;Scholarships for excellent researchers R2-R4&#8220;, category R4<\/em><\/span><\/p>\n\n\n\n<\/div>\n\n\n\n<p><strong>VEGA 1\/0189\/23 &#8211; hlavn\u00fd rie\u0161ite\u013e<\/strong> (2023-2025) \u201eExperimental mineralogical study of crystallochemical changes, structural stability and decomposition products of selected oxides, phosphates and silicates under the influence of high temperature, radiation and the biosphere\u201d <span class=\"has-inline-color has-vivid-red-color\"><span class=\"collapseomatic \" id=\"id69f1c1f52d9a3\"  tabindex=\"0\" title=\"&lt;em&gt;(Click for project details)&lt;\/em&gt;\"    ><em>(Click for project details)<\/em><\/span><div id=\"target-id69f1c1f52d9a3\" class=\"collapseomatic_content \">Experimental research of minerals is suitable for detailed crystallochemical study of properties and processes within the structure and its stability, but also for modification of the properties of precious stones within gemology. The aim of this project is a detailed crystallochemical description of experiments, the mechanism causing color change, or the processes leading to the breakdown of the mineral structure. Using thermal, radiation and biomineralogical experiments, crystallochemical processes in selected minerals (oxides, phosphates and silicates) will be studied. In experimental biomineralogical research of the stability of phosphates and silicates of REE, their interaction with the biosphere, fungi will be studied. Standard mineralogical methods will be used for the study, especially electron microanalysis, x-ray diffraction analysis, HRTEM, LA-ICP-MS, but also a diverse spectrum of spectroscopic methods such as infrared absorption, Raman, optical absorption and M\u00f6ssbauer spectroscopy. <\/span><\/p>\n\n\n\n<p><span class=\"has-inline-color has-vivid-red-color\"><\/div><\/span><\/p>\n","protected":false},"excerpt":{"rendered":"<p>Position Associate Professor Room G-348 Phone:&nbsp; +421 2 9014 9294 &hellip; <\/p>\n","protected":false},"author":1,"featured_media":0,"parent":1966,"menu_order":0,"comment_status":"closed","ping_status":"closed","template":"","meta":{"_monsterinsights_skip_tracking":false,"_monsterinsights_sitenote_active":false,"_monsterinsights_sitenote_note":"","_monsterinsights_sitenote_category":0,"ngg_post_thumbnail":0},"folder":[46],"yoast_head":"<!-- This site is optimized with the Yoast SEO plugin v19.4 - https:\/\/yoast.com\/wordpress\/plugins\/seo\/ -->\n<title>Assoc. Prof. Peter Ba\u010d\u00edk, PhD. - Katedra mineral\u00f3gie, petrol\u00f3gie a lo\u017eiskovej geol\u00f3gie<\/title>\n<meta name=\"robots\" content=\"index, follow, max-snippet:-1, max-image-preview:large, max-video-preview:-1\" \/>\n<link rel=\"canonical\" href=\"https:\/\/kmplg.sk\/?page_id=3352&lang=en\" \/>\n<meta property=\"og:locale\" content=\"sk_SK\" \/>\n<meta property=\"og:type\" content=\"article\" \/>\n<meta property=\"og:title\" content=\"Assoc. Prof. Peter Ba\u010d\u00edk, PhD. - Katedra mineral\u00f3gie, petrol\u00f3gie a lo\u017eiskovej geol\u00f3gie\" \/>\n<meta property=\"og:description\" content=\"Position Associate Professor Room G-348 Phone:&nbsp; +421 2 9014 9294 &hellip;\" \/>\n<meta property=\"og:url\" content=\"https:\/\/kmplg.sk\/?page_id=3352&amp;lang=en\" \/>\n<meta property=\"og:site_name\" content=\"Katedra mineral\u00f3gie, petrol\u00f3gie a lo\u017eiskovej geol\u00f3gie\" \/>\n<meta property=\"article:publisher\" content=\"https:\/\/www.facebook.com\/kmplg\/\" \/>\n<meta property=\"article:modified_time\" content=\"2025-02-17T18:29:58+00:00\" \/>\n<meta property=\"og:image\" content=\"http:\/\/d.r1.wbsprt.com\/kmplg.sk\/wp-content\/uploads\/2021\/04\/11700807_10155731843245333_618089754308707851_n-1-1-e1617714559155.jpg\" \/>\n<meta name=\"twitter:card\" content=\"summary_large_image\" \/>\n<meta name=\"twitter:label1\" content=\"Predpokladan\u00fd \u010das \u010d\u00edtania\" \/>\n\t<meta name=\"twitter:data1\" content=\"7 min\u00fat\" \/>\n<script type=\"application\/ld+json\" class=\"yoast-schema-graph\">{\"@context\":\"https:\/\/schema.org\",\"@graph\":[{\"@type\":\"WebSite\",\"@id\":\"https:\/\/kmplg.sk\/#website\",\"url\":\"https:\/\/kmplg.sk\/\",\"name\":\"Katedra mineral\u00f3gie, petrol\u00f3gie a lo\u017eiskovej geol\u00f3gie\",\"description\":\"Pr\u00edrodovedeck\u00e1 fakulta Univerzity Komensk\u00e9ho v Bratislave\",\"potentialAction\":[{\"@type\":\"SearchAction\",\"target\":{\"@type\":\"EntryPoint\",\"urlTemplate\":\"https:\/\/kmplg.sk\/?s={search_term_string}\"},\"query-input\":\"required name=search_term_string\"}],\"inLanguage\":\"sk-SK\"},{\"@type\":\"WebPage\",\"@id\":\"https:\/\/kmplg.sk\/?page_id=3352&lang=en\",\"url\":\"https:\/\/kmplg.sk\/?page_id=3352&lang=en\",\"name\":\"Assoc. Prof. Peter Ba\u010d\u00edk, PhD. - Katedra mineral\u00f3gie, petrol\u00f3gie a lo\u017eiskovej geol\u00f3gie\",\"isPartOf\":{\"@id\":\"https:\/\/kmplg.sk\/#website\"},\"datePublished\":\"2025-02-17T18:25:12+00:00\",\"dateModified\":\"2025-02-17T18:29:58+00:00\",\"breadcrumb\":{\"@id\":\"https:\/\/kmplg.sk\/?page_id=3352&lang=en#breadcrumb\"},\"inLanguage\":\"sk-SK\",\"potentialAction\":[{\"@type\":\"ReadAction\",\"target\":[\"https:\/\/kmplg.sk\/?page_id=3352&lang=en\"]}]},{\"@type\":\"BreadcrumbList\",\"@id\":\"https:\/\/kmplg.sk\/?page_id=3352&lang=en#breadcrumb\",\"itemListElement\":[{\"@type\":\"ListItem\",\"position\":1,\"name\":\"Home\",\"item\":\"https:\/\/kmplg.sk\/\"},{\"@type\":\"ListItem\",\"position\":2,\"name\":\"About Us\",\"item\":\"https:\/\/kmplg.sk\/?lang=en\"},{\"@type\":\"ListItem\",\"position\":3,\"name\":\"Scientific and Academic Staff\",\"item\":\"https:\/\/kmplg.sk\/?page_id=1966&lang=en\"},{\"@type\":\"ListItem\",\"position\":4,\"name\":\"Assoc. Prof. Peter Ba\u010d\u00edk, PhD.\"}]}]}<\/script>\n<!-- \/ Yoast SEO plugin. -->","yoast_head_json":{"title":"Assoc. Prof. Peter Ba\u010d\u00edk, PhD. - Katedra mineral\u00f3gie, petrol\u00f3gie a lo\u017eiskovej geol\u00f3gie","robots":{"index":"index","follow":"follow","max-snippet":"max-snippet:-1","max-image-preview":"max-image-preview:large","max-video-preview":"max-video-preview:-1"},"canonical":"https:\/\/kmplg.sk\/?page_id=3352&lang=en","og_locale":"sk_SK","og_type":"article","og_title":"Assoc. Prof. Peter Ba\u010d\u00edk, PhD. - Katedra mineral\u00f3gie, petrol\u00f3gie a lo\u017eiskovej geol\u00f3gie","og_description":"Position Associate Professor Room G-348 Phone:&nbsp; +421 2 9014 9294 &hellip;","og_url":"https:\/\/kmplg.sk\/?page_id=3352&lang=en","og_site_name":"Katedra mineral\u00f3gie, petrol\u00f3gie a lo\u017eiskovej geol\u00f3gie","article_publisher":"https:\/\/www.facebook.com\/kmplg\/","article_modified_time":"2025-02-17T18:29:58+00:00","og_image":[{"url":"http:\/\/d.r1.wbsprt.com\/kmplg.sk\/wp-content\/uploads\/2021\/04\/11700807_10155731843245333_618089754308707851_n-1-1-e1617714559155.jpg"}],"twitter_card":"summary_large_image","twitter_misc":{"Predpokladan\u00fd \u010das \u010d\u00edtania":"7 min\u00fat"},"schema":{"@context":"https:\/\/schema.org","@graph":[{"@type":"WebSite","@id":"https:\/\/kmplg.sk\/#website","url":"https:\/\/kmplg.sk\/","name":"Katedra mineral\u00f3gie, petrol\u00f3gie a lo\u017eiskovej geol\u00f3gie","description":"Pr\u00edrodovedeck\u00e1 fakulta Univerzity Komensk\u00e9ho v Bratislave","potentialAction":[{"@type":"SearchAction","target":{"@type":"EntryPoint","urlTemplate":"https:\/\/kmplg.sk\/?s={search_term_string}"},"query-input":"required name=search_term_string"}],"inLanguage":"sk-SK"},{"@type":"WebPage","@id":"https:\/\/kmplg.sk\/?page_id=3352&lang=en","url":"https:\/\/kmplg.sk\/?page_id=3352&lang=en","name":"Assoc. Prof. Peter Ba\u010d\u00edk, PhD. - Katedra mineral\u00f3gie, petrol\u00f3gie a lo\u017eiskovej geol\u00f3gie","isPartOf":{"@id":"https:\/\/kmplg.sk\/#website"},"datePublished":"2025-02-17T18:25:12+00:00","dateModified":"2025-02-17T18:29:58+00:00","breadcrumb":{"@id":"https:\/\/kmplg.sk\/?page_id=3352&lang=en#breadcrumb"},"inLanguage":"sk-SK","potentialAction":[{"@type":"ReadAction","target":["https:\/\/kmplg.sk\/?page_id=3352&lang=en"]}]},{"@type":"BreadcrumbList","@id":"https:\/\/kmplg.sk\/?page_id=3352&lang=en#breadcrumb","itemListElement":[{"@type":"ListItem","position":1,"name":"Home","item":"https:\/\/kmplg.sk\/"},{"@type":"ListItem","position":2,"name":"About Us","item":"https:\/\/kmplg.sk\/?lang=en"},{"@type":"ListItem","position":3,"name":"Scientific and Academic Staff","item":"https:\/\/kmplg.sk\/?page_id=1966&lang=en"},{"@type":"ListItem","position":4,"name":"Assoc. Prof. Peter Ba\u010d\u00edk, PhD."}]}]}},"_links":{"self":[{"href":"https:\/\/kmplg.sk\/index.php?rest_route=\/wp\/v2\/pages\/3352"}],"collection":[{"href":"https:\/\/kmplg.sk\/index.php?rest_route=\/wp\/v2\/pages"}],"about":[{"href":"https:\/\/kmplg.sk\/index.php?rest_route=\/wp\/v2\/types\/page"}],"author":[{"embeddable":true,"href":"https:\/\/kmplg.sk\/index.php?rest_route=\/wp\/v2\/users\/1"}],"replies":[{"embeddable":true,"href":"https:\/\/kmplg.sk\/index.php?rest_route=%2Fwp%2Fv2%2Fcomments&post=3352"}],"version-history":[{"count":3,"href":"https:\/\/kmplg.sk\/index.php?rest_route=\/wp\/v2\/pages\/3352\/revisions"}],"predecessor-version":[{"id":3356,"href":"https:\/\/kmplg.sk\/index.php?rest_route=\/wp\/v2\/pages\/3352\/revisions\/3356"}],"up":[{"embeddable":true,"href":"https:\/\/kmplg.sk\/index.php?rest_route=\/wp\/v2\/pages\/1966"}],"wp:attachment":[{"href":"https:\/\/kmplg.sk\/index.php?rest_route=%2Fwp%2Fv2%2Fmedia&parent=3352"}],"wp:term":[{"taxonomy":"folder","embeddable":true,"href":"https:\/\/kmplg.sk\/index.php?rest_route=%2Fwp%2Fv2%2Ffolder&post=3352"}],"curies":[{"name":"wp","href":"https:\/\/api.w.org\/{rel}","templated":true}]}}