{"id":2687,"date":"2022-01-13T16:15:29","date_gmt":"2022-01-13T15:15:29","guid":{"rendered":"https:\/\/kmplg.sk\/?page_id=2687"},"modified":"2022-01-13T16:19:05","modified_gmt":"2022-01-13T15:19:05","slug":"2687-2","status":"publish","type":"page","link":"https:\/\/kmplg.sk\/?page_id=2687","title":{"rendered":"doc. Peter \u0160ottn\u00edk, PhD."},"content":{"rendered":"\n<div class=\"wp-block-image is-style-default\"><figure class=\"alignleft size-full\"><img loading=\"lazy\" width=\"253\" height=\"299\" src=\"https:\/\/kmplg.sk\/wp-content\/uploads\/2022\/01\/Screenshot_1.jpg\" alt=\"\" class=\"wp-image-2676\" srcset=\"https:\/\/kmplg.sk\/wp-content\/uploads\/2022\/01\/Screenshot_1.jpg 253w, https:\/\/kmplg.sk\/wp-content\/uploads\/2022\/01\/Screenshot_1-51x60.jpg 51w\" sizes=\"(max-width: 253px) 100vw, 253px\" \/><\/figure><\/div>\n\n\n\n<div class=\"wp-block-group\"><div class=\"wp-block-group__inner-container\">\n<div class=\"wp-block-columns\">\n<div class=\"wp-block-column\" style=\"flex-basis:100%\">\n<figure class=\"wp-block-table is-style-stripes\"><table class=\"has-background has-fixed-layout\" style=\"background-color:#fcf0ef\"><tbody><tr><td><strong><strong>poz\u00edcia<\/strong><\/strong>:<\/td><td>docent<\/td><\/tr><tr><td><strong><strong>miestnos\u0165<\/strong><\/strong>:<\/td><td>G-426A<\/td><\/tr><tr><td><strong><strong>tel.<\/strong><\/strong>:<\/td><td>+421 2 9014 9<strong>277<\/strong><\/td><\/tr><tr><td><strong>e-mail:<\/strong><\/td><td>peter.sottnik@uniba.sk<\/td><\/tr><tr><td><strong><strong>Publik\u00e1cie<\/strong><\/strong><\/td><td><a href=\"https:\/\/alis.uniba.sk:8444\/search\/query?term_1=%C5%A0ottn%C3%ADk+Peter&amp;theme=EPC\">zoznam publik\u00e1ci\u00ed<\/a><\/td><\/tr><\/tbody><\/table><figcaption><span class=\"has-inline-color has-vivid-red-color\">Sekcia lo\u017eiskovej geol\u00f3gie<\/span><\/figcaption><\/figure>\n<\/div>\n<\/div>\n<\/div><\/div>\n\n\n\n<div class=\"wp-block-columns\">\n<div class=\"wp-block-column\" style=\"flex-basis:100%\">\n<div class=\"wp-block-buttons\">\n<div class=\"wp-block-button\"><a class=\"wp-block-button__link has-vivid-red-color has-very-light-gray-to-cyan-bluish-gray-gradient-background has-text-color has-background\" href=\"https:\/\/orcid.org\/0000-0002-9273-9085\" style=\"border-radius:20px\" target=\"_blank\" rel=\"noreferrer noopener\"><img loading=\"lazy\" width=\"20\" height=\"20\" class=\"wp-image-1391\" style=\"width: 20px;\" src=\"http:\/\/kmplg.sk\/wp-content\/uploads\/2021\/04\/1200px-ORCID_iD-1.png\" alt=\"\"><span class=\"has-inline-color has-vivid-red-color\">ORCID<\/span><span class=\"has-inline-color has-white-color\"><\/span><\/a><\/div>\n\n\n\n<div class=\"wp-block-button\"><a class=\"wp-block-button__link has-very-light-gray-to-cyan-bluish-gray-gradient-background has-background\" href=\"https:\/\/www.scopus.com\/authid\/detail.uri?authorId=14421668000\" target=\"_blank\" rel=\"noreferrer noopener\"><span class=\"has-inline-color has-white-color\"><img loading=\"lazy\" width=\"20\" height=\"20\" class=\"wp-image-1401\" style=\"width: 20px;\" src=\"http:\/\/kmplg.sk\/wp-content\/uploads\/2021\/04\/68747470733a2f2f7777772e6665722e756e697a672e68722f5f7075622f7468656d65735f7374617469632f666572323031362f64656661756c742f696d672f73636f7075732d69636f6e2e706e67.png\" alt=\"\"> <\/span><span class=\"has-inline-color has-vivid-red-color\">Scopus<\/span><\/a><\/div>\n\n\n\n<div class=\"wp-block-button\"><a class=\"wp-block-button__link has-very-light-gray-to-cyan-bluish-gray-gradient-background has-background\" href=\"http:\/\/kmplg.sk\/?page_id=85\" target=\"_blank\" rel=\"noreferrer noopener\"><span class=\"has-inline-color has-vivid-red-color\">T\u00e9my z\u00e1vere\u010dn\u00fdch pr\u00e1c<\/span><\/a><\/div>\n<\/div>\n<\/div>\n<\/div>\n\n\n\n<h2>Vedeck\u00fd profil<\/h2>\n\n\n\n<ul><li>Vplyv banskej \u010dinnosti na \u017eivotn\u00e9 prostredie, geologick\u00fd prieskum a anal\u00fdza rizika environment\u00e1lnych z\u00e1\u0165a\u017e\u00ed, sana\u010dn\u00e9 technol\u00f3gie, \u00faprava bansk\u00fdch a technologick\u00fdch v\u00f4d, prieskum a \u0165a\u017eba nerastn\u00fdch surov\u00edn, environment\u00e1lne nerastn\u00e9 suroviny a ich vyu\u017eitie, mineralogick\u00e1 a geochemick\u00e1 charakteristika \u0165a\u017eobn\u00fdch odpadov.<\/li><\/ul>\n\n\n\n<h2>Pedagogick\u00e1 \u010dinnos\u0165<\/h2>\n\n\n\n<p>Zameriava sa hlavne na v\u00fduku predmetov zameran\u00fdch na rudn\u00e9 lo\u017eisk\u00e1, vplyv \u0165a\u017eby na \u017eivotn\u00e9 prostredie a\u00a0problematiku environment\u00e1lnych z\u00e1\u0165a\u017e\u00ed.<\/p>\n\n\n\n<p><strong><strong><strong>V\u00fduka v predmetoch na Bc. stupni<\/strong><\/strong><\/strong><\/p>\n\n\n\n<ul><li>PriF.KLG\/N-bGXX-001\/15 &#8211; Z\u00e1klady geologick\u00e9ho prieskumu a ban\u00edctva<\/li><li>PriF.KLG\/N-bGCH-004\/15 &#8211; Nerastn\u00e9 suroviny<\/li><li>PriF.KLG\/N-bGZL-003-3\/3634\/00 &#8211; Lo\u017eisk\u00e1 rudn\u00fdch surov\u00edn<\/li><\/ul>\n\n\n\n<p><strong><strong><strong>V\u00fduka v predmetoch na Mgr. stupni<\/strong><\/strong><\/strong><\/p>\n\n\n\n<ul><li>PriF.KLG\/N-mGZL-020\/15 &#8211; Rudn\u00e9 suroviny Slovenska<\/li><li>PriF.KLG\/N-mGZL-005\/15 &#8211; Environemnt\u00e1lna legislat\u00edva a technol\u00f3gie ako n\u00e1stroj trvalo udr\u017eate\u013en\u00e9ho rozvoja<\/li><li>PriF.KLG\/N-mGZL-100\/15 &#8211; Vplyv \u0165a\u017eby a \u00fapravy nerastn\u00fdch surov\u00edn na \u017eivotn\u00e9 prostredie<\/li><li>PriF.KLG\/N-mGZL-002\/15 &#8211; Vyh\u013ead\u00e1vanie, prieskum a v\u00fdpo\u010det z\u00e1sob lo\u017e\u00edsk nerastn\u00fdch surov\u00edn<\/li><li>PriF.KLG\/N-mGZL-112\/15 &#8211; Aplik\u00e1cia lo\u017eiskovej a environment\u00e1lnej lo\u017eiskovej geologii v region\u00e1lnom rozvoji<\/li><li>PriF.KGCh\/N-mEEG-135\/15 &#8211; Rizikov\u00e1 anal\u00fdza zne\u010disten\u00fdch \u00fazem\u00ed a environment\u00e1lnych z\u00e1\u0165a\u017e\u00ed<\/li><li>PriF.KMP\/N-mGMP-004\/15 Environment\u00e1lna mineral\u00f3gia<\/li><li>PriF.KLG\/N-mGLG-103\/15 &#8211; Semin\u00e1r z lo\u017eiskovej geol\u00f3gie<\/li><li>PriF.KLG\/N-mGZL-003\/15 &#8211; Kurz bansk\u00e9ho geologick\u00e9ho mapovania a prieskum lo\u017eiskov\u00fdch a environment\u00e1lnych met\u00f3d<\/li><li>PriF.KGCh\/N-mEEG-136\/15 &#8211; Ter\u00e9nny kurz prieskumn\u00fdch a sana\u010dn\u00fdch met\u00f3d environment\u00e1lnych z\u00e1\u0165a\u017e\u00ed<\/li><\/ul>\n\n\n\n<p><strong><strong>V\u00fduka v predmetoch na PhD. stupni<\/strong><\/strong><\/p>\n\n\n\n<ul><li>PriF.KLG\/N-DGLG-003\/15 &#8211; V Mineralogick\u00e9 , geochemick\u00e9 a \u010fa\u013e\u0161ie\u00a0 met\u00f3dy v\u00fdskum v lo\u017eiskovej geol\u00f3gii<\/li><\/ul>\n\n\n\n<hr class=\"wp-block-separator\"\/>\n\n\n\n<h2><strong>Vybran\u00e9 najv\u00fdznamnej\u0161ie publik\u00e1cie<\/strong><\/h2>\n\n\n\n<div class=\"wp-block-group\"><div class=\"wp-block-group__inner-container\">\n<p>\u0160ottn\u00edk, Peter &#8211; Jurkovi\u010d, \u013dubom\u00edr  &#8211; Hiller, Edgar &#8211; Kord\u00edk, Jozef &#8211; Slaninka, Igor: Environment\u00e1lne z\u00e1\u0165a\u017ee. &#8211; 1. vyd. &#8211; Bansk\u00e1 Bystrica : Slovensk\u00e1 agent\u00fara \u017eivotn\u00e9ho prostredia, 2015. &#8211; 301 s. [23 AH]\n\n\n\n<p>Frankovsk\u00e1, Jana &#8211; Kord\u00edk, Jozef &#8211; Slaninka, Igor &#8211; Jurkovi\u010d, \u013dubom\u00edr &#8211; Greif, Vladim\u00edr &#8211; \u0160ottn\u00edk, Peter &#8211; Dananaj, Ivan  &#8211; Mikita, Slavom\u00edr &#8211; Dercov\u00e1, Katar\u00edna &#8211; J\u00e1nov\u00e1, Vlasta: Atlas sana\u010dn\u00fdch met\u00f3d environment\u00e1lnych z\u00e1\u0165a\u017e\u00ed. &#8211; 1. vyd. &#8211; Bratislava : \u0160t\u00e1tny geologick\u00fd \u00fastav D. \u0160t\u00fara, 2010. &#8211; 360 s. [45 AH]\n\n\n\n<p>Hiller, Edgar &#8211; Lalinsk\u00e1-Volekov\u00e1, Bronislava &#8211; Chovan, Martin &#8211; Jurkovi\u010d, \u013dubom\u00edr &#8211; Klimko, Tom\u00e1\u0161 &#8211; Jankul\u00e1r, Michal &#8211; Hovori\u010d, R\u00f3bert &#8211; \u0160ottn\u00edk, Peter &#8211; F\u013eakov\u00e1, Ren\u00e1ta &#8211; \u017deni\u0161ov\u00e1, Zlatica &#8211; Ondrejkov\u00e1, Ivana: Arsenic and antimony contamination of waters, stream sediments and soils in the vicinity of abandoned antimony mines inthe Western Carpathians, Slovakia, Applied Geochemistry. &#8211; Vol. 27, No. 3 (2012), s. 598-614<\/p>\n\n\n\n<p>Hiller, Edgar &#8211; Petr\u00e1k, Mari\u00e1n &#8211; T\u00f3th, Roman &#8211; Lalinsk\u00e1-Volekov\u00e1, Bronislava &#8211; Jurkovi\u010d, \u013dubom\u00edr &#8211; Ku\u010derov\u00e1, Gabriela &#8211; Radkov\u00e1, Ane\u017eka &#8211; \u0160ottn\u00edk, Peter &#8211; Voz\u00e1r, Jaroslav: Geochemical and mineralogical characterization of a neutral, low-sulfide\/high-carbonate tailings impoundment, Marku\u0161ovce, eastern Slovakia, Environmental Science and Pollution Research. &#8211; Vol. 20, No. 11 (2013), s. 7627-7642<\/p>\n\n\n\n<p>Hiller, Edgar &#8211; T\u00f3th, Roman &#8211; Ku\u010derov\u00e1, Gabriela &#8211; Jurkovi\u010d, \u013dubom\u00edr &#8211; \u0160ottn\u00edk, Peter &#8211; Lalinsk\u00e1-Volekov\u00e1, Bronislava  &#8211; Voz\u00e1r, Jaroslav: Geochemistry of Mine Tailings from Processing of Siderite-Cu Ores and Mobility of Selected Metals and Metalloids Evaluated by a Pot Leaching Experiment at the Slovinky Impoundment, Eastern Slovakia, Mine Water and the Environment. &#8211; Vol. 35, No. 4 (2016), s. 447-461<\/p>\n\n\n\n<p>Sekula, Peter &#8211; Hiller, Edgar &#8211; \u0160ottn\u00edk, Peter &#8211; Jurkovi\u010d, \u013dubom\u00edr &#8211; Klimko, Tom\u00e1\u0161 &#8211; Voz\u00e1r, Jaroslav: Removal of antimony and arsenic from circum-neutral mine drainage in Poproc, Slovakia: a field treatment system using low-cost iron-based material. Environmental Earth Sciences. &#8211; Ro\u010d. 77, \u010d. 13 (2018), s. [1-14], Art. No. 518<\/p>\n\n\n\n<p>\u0160ottn\u00edk, Peter &#8211; Lalinsk\u00e1-Volekov\u00e1, Bronislava &#8211; Br\u010dekov\u00e1, Jana &#8211; Kod\u011bra, Peter &#8211; Jurkovi\u010d, \u013dubom\u00edr: Characterization and environmental risk assessment of potential miningwaste from Detva &#8211; Biely vrch deposit<\/p>\n<\/div><\/div>\n\n\n\n<h2>Aktu\u00e1lne rie\u0161en\u00e9 projekty<\/h2>\n\n\n\n<p><strong><strong><strong><strong><strong>APVV-17-0317 Antim\u00f3n &#8211; kritick\u00fd prvok a nebezpe\u010dn\u00fd kontaminant ovplyv\u0148uj\u00faci biodiverzitu na lokalit\u00e1ch s \u0165a\u017eobn\u00fdmi odpadmi. (spolurie\u0161ite\u013e, ved\u00faci projektu. Prof. RNDr. E. Hiller, PhD.)<\/strong><\/strong><\/strong><\/strong><\/strong> <span class=\"has-inline-color has-vivid-red-color\"><span class=\"collapseomatic \" id=\"id69f1c20f6d0f4\"  tabindex=\"0\" title=\"Click to Expand\"    >Click to Expand<\/span><div id=\"target-id69f1c20f6d0f4\" class=\"collapseomatic_content \"><em><em><em>V roku 2010 bola publikovan\u00e1 prv\u00e1 anal\u00fdza kritick\u00fdch surov\u00edn. V tomto zozname bolo identifikovan\u00fdch 14 kritick\u00fdch surov\u00edn medzi nimi aj antim\u00f3n. Kritick\u00e9 suroviny maj\u00fa vysok\u00fd hospod\u00e1rsky v\u00fdznam pre Eur\u00f3psku \u00faniu v kombin\u00e1cii s vysok\u00fdm rizikom spojen\u00fdch s ich ponukou. V s\u00fa\u010dasnosti neexistuje \u017eiadny prim\u00e1rny zdroj produkcie antim\u00f3n v E\u00da. Celkovo mo\u017eno poveda\u0165, \u017ee E\u00da je \u010dist\u00fdm dovozcom antim\u00f3novej rudy a koncentr\u00e1tov. Antim\u00f3n v\u0161ak z\u00e1rove\u0148 predstavuje v\u00fdznamn\u00fd toxick\u00fd kontaminant vyskytuj\u00faci sa na Slovensku vo v\u0161etk\u00fdch zlo\u017ek\u00e1ch \u017eivotn\u00e9ho prostredia. Na Slovensku bolo nieko\u013eko v\u00fdznamn\u00fdch n\u00e1lez\u00edsk antim\u00f3nov\u00fdch r\u00fad. Vyskytovali sa predov\u0161etk\u00fdm v 3 metalo-genetick\u00fdch oblastiach: jadrov\u00e9 pohoria (Mal\u00e9 Karpaty, N\u00edzke Tatry), Spi\u0161sko \u2013 gemersk\u00e9 rudohorie, Stredoslovensk\u00e9 a V\u00fdchodoslovensk\u00e9 neovulkanity. Hlavn\u00fdm cie\u013eom predkladan\u00e9ho projektu je zhodnotenie potenci\u00e1lu \u0165a\u017eobn\u00fdch odpadov na opusten\u00fdch lo\u017eisk\u00e1ch Slovenska z poh\u013eadu mo\u017enej \u0165a\u017eby antim\u00f3nu ako kritickej suroviny pre Eur\u00f3psku \u00faniu. \u010eal\u0161\u00edm d\u00f4le\u017eit\u00fdm cie\u013eom projektu je v\u0161ak aj definovanie environment\u00e1lnych a zdravotn\u00fdch riz\u00edk spojen\u00fdch s vyu\u017eit\u00edm \u0165a\u017eobn\u00fdch odpadov ako surov\u00edn pre z\u00edskavanie Sb a n\u00e1vrh opatren\u00ed, ktor\u00e9 by mali zamedzi\u0165 negat\u00edvnym dopadom na \u017eivotn\u00e9 prostredie v pr\u00edpade vyu\u017eitia \u0165a\u017eobn\u00fdch odpadov. V\u00fdznamn\u00fdm cie\u013eom projektu je aj mikrobiologick\u00e1 \u0161t\u00fadia \u00falo\u017e\u00edsk \u0165a\u017eobn\u00fdch odpadov a zhodnotenie potenci\u00e1lu mikrobiologick\u00fdch met\u00f3d (biomining) pri extrakcii Sb. Jedn\u00fdm z cie\u013eov projektu je aj ur\u010di\u0165 vplyv kontamin\u00e1cie na biodiverzitu v oblastiach opusten\u00fdch Sb lo\u017e\u00edsk. V r\u00e1mci molekul\u00e1rno-genetick\u00e9ho \u0161t\u00fadia bud\u00fa z\u00edskan\u00e9 inform\u00e1cie o DNA vy\u0161\u0161\u00edch organizmov, ako aj mikroorganizmov (met\u00f3da NGS). V ka\u017edej sk\u00famanej nebiologickej, biologickej a referen\u010dnej vzorke bude stanoven\u00fd obsah PTSP. Projekt definuje transf\u00e9r PTSP z kontaminovan\u00e9ho prostredia do vybran\u00fdch skup\u00edn organizmov (huby, \u010dl\u00e1nkono\u017ece, ryby) ako potenci\u00e1lnych zdrojov intoxik\u00e1cie \u010dloveka.<\/em><\/em><\/em><\/span><\/p>\n\n\n\n<\/div>\n\n\n\n<h2><strong>Ukon\u010den\u00e9 projekty (v\u00fdber):<\/strong><\/h2>\n\n\n\n<p>APVV-0344-11&nbsp; Pilotn\u00e1 realiz\u00e1cia san\u00e1cie bansk\u00fdch v\u00f4d na vybranom opustenom Sb lo\u017eisku (zodpovedn\u00fd rie\u0161ite\u013e)<\/p>\n\n\n\n<p>APVV-VMSP-P-0115-09&nbsp; Metodick\u00fd postup pre komplexn\u00fd audit odkal\u00edsk obsahuj\u00facich odpad po \u0165a\u017ebe nerastn\u00fdch surov\u00edn, APVV (zodpovedn\u00fd rie\u0161ite\u013e za PRIF UK \u2013 RNDr. \u013d. Jurkovi\u010d, PhD.)<\/p>\n\n\n\n<p>APVV-VVCE-0033-07 V\u00fdskumno &#8211; vzdel\u00e1vacie centrum excelentnosti pre v\u00fdskum pevnej f\u00e1zy so zameran\u00edm na nanomateri\u00e1ly, environment\u00e1lnu mineral\u00f3giu a materi\u00e1lov\u00fa technol\u00f3giu (spolurie\u0161ite\u013e, ved\u00faci projektu. Prof. RNDr. M. Chovan, CSc.)<\/p>\n\n\n\n<p>APVV-0268-06&nbsp; Zhodnotenie vplyvu banskej \u010dinnosti na okolie opusten\u00fdch Sb lo\u017e\u00edsk Slovenska s n\u00e1vrhmi na remedi\u00e1ciu, (spolurie\u0161ite\u013e, ved\u00faci projektu. Prof. RNDr. M. Chovan, CSc.)<\/p>\n\n\n\n<p>Project PA n\u00b0 42 A JRC Project in Association with Central and Eastern European Countries of the Pre-Accession \u201eInventory, Regulations and Environmental Risks of Toxic Mining Wastes in Pre-Accession Countries\u201c (2002-2003) (ved\u00faci: Giovani Bidoglio, JRC Ispra)<\/p>\n\n\n\n<p>Spolo\u010dn\u00fd SR-US projekt: \u201ePassive treatment of the acid mine drainage at Smolnik Mine, Slovakia\u201c (1999-2000), financovan\u00fd EcoLinks and Knight Pi\u00e9sold Denver (ved\u00faci: prof.\u0160ucha)<\/p>\n\n\n\n<p>Slovensk\u00fd koordin\u00e1tor slovensko-nemecko-vietnamsk\u00e9ho projektu: \u201eEnvironmental impact of industrial waste in Nam Dinh county, Vietnam\u201c (2000-2003) (ved\u00faci: Dr. Jorn Kasbohm, University Greifsvald)<\/p>\n\n\n\n<p>JPD 3 2005\/1-052: Zvy\u0161ovanie kvality odbornej pr\u00edpravy v&nbsp;oblasti environment\u00e1lneho rizika odpadov \u0165a\u017eobn\u00e9ho priemyslu (projektov\u00fd mana\u017e\u00e9r)<\/p>\n\n\n\n<p>PS 2009\/15&nbsp; Preparation and conducting of Study tour on learning from the Slovak experience in environmental management and remediation of priority mine sites (ved\u00faci projektu.)<\/p>\n\n\n\n<p>2013\/18\/RFP \u2013 Protected areas in EU accession context \u2013 Slovak experience (spolurie\u0161ite\u013e)<\/p>\n\n\n\n<h2>Osobn\u00e1 sp\u00f4sobilos\u0165<\/h2>\n\n\n\n<ul><li>Dr\u017eite\u013e preukazu o odbornej sp\u00f4sobilosti geologick\u00fd prieskum \u017eivotn\u00e9ho prostredia a geologick\u00fd v\u00fdskum<\/li><li>Certifik\u00e1t o&nbsp;\u00faspe\u0161nom absolvovan\u00ed kurzu Anal\u00fdza rizika zne\u010disten\u00e9ho \u00fazemia (2012, 2015, 2019)<\/li><li>\u010clen Komisie pre schva\u013eovanie z\u00e1sob nerastov (KKZ) M\u017dP SR.<\/li><li>odborn\u00fd hodnotite\u013e na M\u017dP pre hodnotenie \u017eiadost\u00ed o NP v r\u00e1mci OP \u017dP<\/li><li>\u010clen pracovnej skupiny M\u017dP SR n\u00e1vrhu z\u00e1kona 514 zo 4. novembra 2008 o nakladan\u00ed s odpadom z \u0165a\u017eobn\u00e9ho priemyslu a o zmene a doplnen\u00ed niektor\u00fdch z\u00e1konov&nbsp; (2006-2008)<\/li><li>\u010dlen Slovensk\u00e1 asoci\u00e1cia geochemikov (SAGCH)<\/li><li>\u010clen redak\u010dnej rady \u010dasopisu AGEOS a GeoScience Engineering<\/li><\/ul>\n\n\n\n<h2>\u010clen organiza\u010dn\u00e9ho v\u00fdboru konferenci\u00ed:<\/h2>\n\n\n\n<ul><li>Sana\u010dn\u00ed technologie (hlavn\u00fd organiz\u00e1tor Vodn\u00ed zdroje&nbsp; Ekomonitor spol. s&nbsp;r. o., P\u00ed\u0161\u0165ovy 820, 537 01 Chrudim)<\/li><li>Inovativn\u00ed sna\u010dn\u00ed technologie ve v\u00fdskumu a&nbsp;praxi (hlavn\u00fd organiz\u00e1tor Vodn\u00ed zdroje&nbsp; Ekomonitor spol. s&nbsp;r. o., P\u00ed\u0161\u0165ovy 820, 537 01 Chrudim)<\/li><li>\u0164e\u017eba a&nbsp;jej\u00ed dopady na \u017eivotn\u00fd prost\u0159ed\u00ed (hlavn\u00fd organiz\u00e1tor Vodn\u00ed zdroje&nbsp; Ekomonitor spol. s r. o., P\u00ed\u0161\u0165ovy 820, 537 01 Chrudim)<\/li><li>Geoch\u00e9mia (hlavn\u00fd organiz\u00e1tor Slovensk\u00e1 asoci\u00e1cia geochemikov)<\/li><li>Cambelove dni (hlavn\u00fd organiz\u00e1tor Slovensk\u00e1 asoci\u00e1cia geochemikov)<\/li><\/ul>\n","protected":false},"excerpt":{"rendered":"<p>poz\u00edcia: docent miestnos\u0165: G-426A tel.: +421 2 9014 9277 e-mail: &hellip; <\/p>\n","protected":false},"author":2,"featured_media":0,"parent":30,"menu_order":0,"comment_status":"closed","ping_status":"closed","template":"","meta":{"_monsterinsights_skip_tracking":false,"_monsterinsights_sitenote_active":false,"_monsterinsights_sitenote_note":"","_monsterinsights_sitenote_category":0,"ngg_post_thumbnail":0},"folder":[],"yoast_head":"<!-- This site is optimized with the Yoast SEO plugin v19.4 - https:\/\/yoast.com\/wordpress\/plugins\/seo\/ -->\n<title>doc. Peter \u0160ottn\u00edk, PhD. - Katedra mineral\u00f3gie, petrol\u00f3gie a lo\u017eiskovej geol\u00f3gie<\/title>\n<meta name=\"robots\" content=\"index, follow, max-snippet:-1, max-image-preview:large, max-video-preview:-1\" \/>\n<link rel=\"canonical\" href=\"https:\/\/kmplg.sk\/?page_id=2687\" \/>\n<meta property=\"og:locale\" content=\"sk_SK\" \/>\n<meta property=\"og:type\" content=\"article\" \/>\n<meta property=\"og:title\" content=\"doc. Peter \u0160ottn\u00edk, PhD. - Katedra mineral\u00f3gie, petrol\u00f3gie a lo\u017eiskovej geol\u00f3gie\" \/>\n<meta property=\"og:description\" content=\"poz\u00edcia: docent miestnos\u0165: G-426A tel.: +421 2 9014 9277 e-mail: &hellip;\" \/>\n<meta property=\"og:url\" content=\"https:\/\/kmplg.sk\/?page_id=2687\" \/>\n<meta property=\"og:site_name\" content=\"Katedra mineral\u00f3gie, petrol\u00f3gie a lo\u017eiskovej geol\u00f3gie\" \/>\n<meta property=\"article:publisher\" content=\"https:\/\/www.facebook.com\/kmplg\/\" \/>\n<meta property=\"article:modified_time\" content=\"2022-01-13T15:19:05+00:00\" \/>\n<meta property=\"og:image\" content=\"https:\/\/kmplg.sk\/wp-content\/uploads\/2022\/01\/Screenshot_1.jpg\" \/>\n<meta name=\"twitter:card\" content=\"summary_large_image\" \/>\n<meta name=\"twitter:label1\" content=\"Predpokladan\u00fd \u010das \u010d\u00edtania\" \/>\n\t<meta name=\"twitter:data1\" content=\"7 min\u00fat\" \/>\n<script type=\"application\/ld+json\" class=\"yoast-schema-graph\">{\"@context\":\"https:\/\/schema.org\",\"@graph\":[{\"@type\":\"WebSite\",\"@id\":\"https:\/\/kmplg.sk\/#website\",\"url\":\"https:\/\/kmplg.sk\/\",\"name\":\"Katedra mineral\u00f3gie, petrol\u00f3gie a lo\u017eiskovej geol\u00f3gie\",\"description\":\"Pr\u00edrodovedeck\u00e1 fakulta Univerzity Komensk\u00e9ho v Bratislave\",\"potentialAction\":[{\"@type\":\"SearchAction\",\"target\":{\"@type\":\"EntryPoint\",\"urlTemplate\":\"https:\/\/kmplg.sk\/?s={search_term_string}\"},\"query-input\":\"required name=search_term_string\"}],\"inLanguage\":\"sk-SK\"},{\"@type\":\"WebPage\",\"@id\":\"https:\/\/kmplg.sk\/?page_id=2687\",\"url\":\"https:\/\/kmplg.sk\/?page_id=2687\",\"name\":\"doc. Peter \u0160ottn\u00edk, PhD. - Katedra mineral\u00f3gie, petrol\u00f3gie a lo\u017eiskovej geol\u00f3gie\",\"isPartOf\":{\"@id\":\"https:\/\/kmplg.sk\/#website\"},\"datePublished\":\"2022-01-13T15:15:29+00:00\",\"dateModified\":\"2022-01-13T15:19:05+00:00\",\"breadcrumb\":{\"@id\":\"https:\/\/kmplg.sk\/?page_id=2687#breadcrumb\"},\"inLanguage\":\"sk-SK\",\"potentialAction\":[{\"@type\":\"ReadAction\",\"target\":[\"https:\/\/kmplg.sk\/?page_id=2687\"]}]},{\"@type\":\"BreadcrumbList\",\"@id\":\"https:\/\/kmplg.sk\/?page_id=2687#breadcrumb\",\"itemListElement\":[{\"@type\":\"ListItem\",\"position\":1,\"name\":\"Home\",\"item\":\"https:\/\/kmplg.sk\/\"},{\"@type\":\"ListItem\",\"position\":2,\"name\":\"O n\u00e1s\",\"item\":\"https:\/\/kmplg.sk\/\"},{\"@type\":\"ListItem\",\"position\":3,\"name\":\"Zamestnanci\",\"item\":\"https:\/\/kmplg.sk\/?page_id=30\"},{\"@type\":\"ListItem\",\"position\":4,\"name\":\"doc. Peter \u0160ottn\u00edk, PhD.\"}]}]}<\/script>\n<!-- \/ Yoast SEO plugin. -->","yoast_head_json":{"title":"doc. Peter \u0160ottn\u00edk, PhD. - Katedra mineral\u00f3gie, petrol\u00f3gie a lo\u017eiskovej geol\u00f3gie","robots":{"index":"index","follow":"follow","max-snippet":"max-snippet:-1","max-image-preview":"max-image-preview:large","max-video-preview":"max-video-preview:-1"},"canonical":"https:\/\/kmplg.sk\/?page_id=2687","og_locale":"sk_SK","og_type":"article","og_title":"doc. Peter \u0160ottn\u00edk, PhD. - Katedra mineral\u00f3gie, petrol\u00f3gie a lo\u017eiskovej geol\u00f3gie","og_description":"poz\u00edcia: docent miestnos\u0165: G-426A tel.: +421 2 9014 9277 e-mail: &hellip;","og_url":"https:\/\/kmplg.sk\/?page_id=2687","og_site_name":"Katedra mineral\u00f3gie, petrol\u00f3gie a lo\u017eiskovej geol\u00f3gie","article_publisher":"https:\/\/www.facebook.com\/kmplg\/","article_modified_time":"2022-01-13T15:19:05+00:00","og_image":[{"url":"https:\/\/kmplg.sk\/wp-content\/uploads\/2022\/01\/Screenshot_1.jpg"}],"twitter_card":"summary_large_image","twitter_misc":{"Predpokladan\u00fd \u010das \u010d\u00edtania":"7 min\u00fat"},"schema":{"@context":"https:\/\/schema.org","@graph":[{"@type":"WebSite","@id":"https:\/\/kmplg.sk\/#website","url":"https:\/\/kmplg.sk\/","name":"Katedra mineral\u00f3gie, petrol\u00f3gie a lo\u017eiskovej geol\u00f3gie","description":"Pr\u00edrodovedeck\u00e1 fakulta Univerzity Komensk\u00e9ho v Bratislave","potentialAction":[{"@type":"SearchAction","target":{"@type":"EntryPoint","urlTemplate":"https:\/\/kmplg.sk\/?s={search_term_string}"},"query-input":"required name=search_term_string"}],"inLanguage":"sk-SK"},{"@type":"WebPage","@id":"https:\/\/kmplg.sk\/?page_id=2687","url":"https:\/\/kmplg.sk\/?page_id=2687","name":"doc. Peter \u0160ottn\u00edk, PhD. - Katedra mineral\u00f3gie, petrol\u00f3gie a lo\u017eiskovej geol\u00f3gie","isPartOf":{"@id":"https:\/\/kmplg.sk\/#website"},"datePublished":"2022-01-13T15:15:29+00:00","dateModified":"2022-01-13T15:19:05+00:00","breadcrumb":{"@id":"https:\/\/kmplg.sk\/?page_id=2687#breadcrumb"},"inLanguage":"sk-SK","potentialAction":[{"@type":"ReadAction","target":["https:\/\/kmplg.sk\/?page_id=2687"]}]},{"@type":"BreadcrumbList","@id":"https:\/\/kmplg.sk\/?page_id=2687#breadcrumb","itemListElement":[{"@type":"ListItem","position":1,"name":"Home","item":"https:\/\/kmplg.sk\/"},{"@type":"ListItem","position":2,"name":"O n\u00e1s","item":"https:\/\/kmplg.sk\/"},{"@type":"ListItem","position":3,"name":"Zamestnanci","item":"https:\/\/kmplg.sk\/?page_id=30"},{"@type":"ListItem","position":4,"name":"doc. Peter \u0160ottn\u00edk, PhD."}]}]}},"_links":{"self":[{"href":"https:\/\/kmplg.sk\/index.php?rest_route=\/wp\/v2\/pages\/2687"}],"collection":[{"href":"https:\/\/kmplg.sk\/index.php?rest_route=\/wp\/v2\/pages"}],"about":[{"href":"https:\/\/kmplg.sk\/index.php?rest_route=\/wp\/v2\/types\/page"}],"author":[{"embeddable":true,"href":"https:\/\/kmplg.sk\/index.php?rest_route=\/wp\/v2\/users\/2"}],"replies":[{"embeddable":true,"href":"https:\/\/kmplg.sk\/index.php?rest_route=%2Fwp%2Fv2%2Fcomments&post=2687"}],"version-history":[{"count":6,"href":"https:\/\/kmplg.sk\/index.php?rest_route=\/wp\/v2\/pages\/2687\/revisions"}],"predecessor-version":[{"id":2696,"href":"https:\/\/kmplg.sk\/index.php?rest_route=\/wp\/v2\/pages\/2687\/revisions\/2696"}],"up":[{"embeddable":true,"href":"https:\/\/kmplg.sk\/index.php?rest_route=\/wp\/v2\/pages\/30"}],"wp:attachment":[{"href":"https:\/\/kmplg.sk\/index.php?rest_route=%2Fwp%2Fv2%2Fmedia&parent=2687"}],"wp:term":[{"taxonomy":"folder","embeddable":true,"href":"https:\/\/kmplg.sk\/index.php?rest_route=%2Fwp%2Fv2%2Ffolder&post=2687"}],"curies":[{"name":"wp","href":"https:\/\/api.w.org\/{rel}","templated":true}]}}