{"id":118,"date":"2021-03-05T06:49:15","date_gmt":"2021-03-05T05:49:15","guid":{"rendered":"http:\/\/d.r1.wbsprt.com\/kmplg.sk\/?page_id=118"},"modified":"2026-03-31T12:01:09","modified_gmt":"2026-03-31T10:01:09","slug":"projekty","status":"publish","type":"page","link":"https:\/\/kmplg.sk\/?page_id=118","title":{"rendered":"Aktu\u00e1lne rie\u0161en\u00e9 projekty katedry"},"content":{"rendered":"\n<h2><span class=\"has-inline-color has-vivid-red-color\">APVV<\/span><\/h2>\n\n\n\n<p><strong>APVV-23-0227<\/strong>, 1.9.2024-30.6 2028&nbsp;ved\u00faci projektu: K. \u0160arinov\u00e1: Geochronol\u00f3gia a vulkanizmus Pan\u00f3nskej panvy na Slovensku<\/p>\n\n\n\n<p><strong><strong>APVV-24-0643<\/strong><\/strong> (2025-2029, hlavn\u00fd rie\u0161ite\u013e P. Uhl\u00edk) \u201ePokro\u010dil\u00e9 aplik\u00e1cie \u00edlov\u00fdch surov\u00edn a perlitu v oblasti stavebn\u00fdch materi\u00e1lov\u201d <span class=\"has-inline-color has-vivid-red-color\"><span class=\"collapseomatic \" id=\"id69f2d8acaa6e6\"  tabindex=\"0\" title=\"Klikni pre anot\u00e1ciu\"    >Klikni pre anot\u00e1ciu<\/span><div id=\"target-id69f2d8acaa6e6\" class=\"collapseomatic_content \"><\/span><\/p>\n\n\n\n<p><span class=\"has-inline-color has-vivid-red-color\"> <em>Slovensko patr\u00ed z h\u013eadiska kvality a \u010dasto aj kvantity medzi v\u00fdznamn\u00fdch producentov niektor\u00fdch nerudn\u00fdch surov\u00edn (napr. bentonit). Okrem \u0165a\u017eby kvalitn\u00fdch surov\u00edn v\u0161ak existuje ve\u013ek\u00e9 mno\u017estvo nekvalitn\u00fdch surov\u00edn, ktor\u00e9 nesp\u013a\u0148aj\u00fa podmienky trhu a s\u00fa \u010dasto ako bansk\u00fd odpad, ekonomickou z\u00e1\u0165a\u017eou pre \u0165a\u017eobn\u00fa spolo\u010dnos\u0165. Prv\u00fdm d\u00f4le\u017eit\u00fdm z\u00e1merom projektu, v zmysle cirkul\u00e1rnej ekonomiky a bezodpadov\u00e9ho hospod\u00e1rstva, je zamera\u0165 sa na efekt\u00edvne vyu\u017eitie n\u00edzkokvalitn\u00fdch surov\u00edn a \u0165a\u017eobn\u00e9ho odpadu. Projekt sa pl\u00e1nuje zamera\u0165 na bentonity, perlity, kaol\u00edny a \u00edly a s ich \u0165a\u017ebou s\u00favisiaci \u0165a\u017eobn\u00fd odpad pre ich aplik\u00e1ciu do 4 typov stavebn\u00fdch materi\u00e1lov. S\u00fa to doplnkov\u00fd cementov\u00fd materi\u00e1l, expandovan\u00fd \u00edl (keramzit) pre \u013eahk\u00e9 stavebn\u00e9 kompozity, hlinen\u00e1 omietka a kompozitn\u00fd materi\u00e1l na b\u00e1ze miner\u00e1lnej zmesi s mycellium (podhub\u00edm). Predov\u0161etk\u00fdm posledn\u00fd je origin\u00e1lny materi\u00e1l, ktor\u00fd m\u00f4\u017ee by\u0165 udr\u017eate\u013enou a biodegradovate\u013enou alternat\u00edvou k tradi\u010dn\u00fdm stavebn\u00fdm materi\u00e1lom. \u010eal\u0161\u00edm d\u00f4le\u017eit\u00fdm z\u00e1merom projektu je prispie\u0165 k v\u00fdvoju materi\u00e1lov, ktor\u00e9 zn\u00ed\u017eia emisie CO<sub>2<\/sub>. V\u0161etky 4 dotknut\u00e9 stavebn\u00e9 suroviny zodpovedaj\u00fa tomuto z\u00e1meru. Hlavn\u00fdmi v\u00fdstupmi maj\u00fa by\u0165 4 inovat\u00edvne materi\u00e1ly na \u00farovni TRL 3 a 2 na \u00farovni TRL 4 po\u010das rie\u0161enia projektu. Tento ambici\u00f3zny z\u00e1mer je mo\u017en\u00e9 dosiahnu\u0165 len cez multidisciplin\u00e1rny t\u00edm odborn\u00edkov, ktor\u00fd sp\u00e1ja vedy o Zemi s technick\u00fdmi vedami. Projektov\u00fd t\u00edm je zlo\u017een\u00fd predov\u0161etk\u00fdm z odborn\u00edkov v aplikovanej mineral\u00f3gii a lo\u017eiskovej geol\u00f3gii, ktor\u00ed zabezpe\u010dia analytick\u00fa a experiment\u00e1lnu \u010das\u0165 projektu. Testovanie stavebn\u00fdch materi\u00e1lov pod\u013ea vybran\u00fdch noriem EN a STN bude realizovan\u00e9 v akreditovan\u00fdch extern\u00fdch laborat\u00f3ri\u00e1ch. Podstatnou s\u00fa\u010das\u0165ou projektu bude aj vedeck\u00e1 spolupr\u00e1ca s dom\u00e1cimi a zahrani\u010dn\u00fdmi extern\u00fdmi pracoviskami. D\u00f4le\u017eit\u00fdmi predpokladmi k \u00faspe\u0161n\u00e9mu rie\u0161eniu projektu s\u00fa aj predo\u0161l\u00e9 mnohoro\u010dn\u00e9 projektov\u00e9 sk\u00fasenosti rie\u0161ite\u013esk\u00e9ho kolekt\u00edvu a mana\u017ementu PriF UK a spolupr\u00e1ca s firmami, nielen s firmou REGOS, s.r.o., ktor\u00e1 bude odberate\u013eom v\u00fdsledkov projektu.<\/em><\/span><\/p>\n\n\n\n<\/div>\n\n\n\n<hr class=\"wp-block-separator\"\/>\n\n\n\n<h2><span class=\"has-inline-color has-vivid-red-color\">VEGA<\/span><\/h2>\n\n\n\n<p><strong>VEGA 1\/0143\/18<\/strong> (2018-2021, hlavn\u00fd rie\u0161ite\u013e M. Huraiov\u00e1) \u201eMineral\u00f3gia, petrogen\u00e9za a metalogenetick\u00fd potenci\u00e1l vn\u00fatro-plat\u0148ov\u00e9ho magmatizmu Z\u00e1padn\u00fdch Karp\u00e1t\u201d<span class=\"has-inline-color has-vivid-red-color\"><span class=\"collapseomatic \" id=\"id69f2d8acaa7fd\"  tabindex=\"0\" title=\"Klikni pre anot\u00e1ciu\"    >Klikni pre anot\u00e1ciu<\/span><div id=\"target-id69f2d8acaa7fd\" class=\"collapseomatic_content \"><\/span><\/p>\n\n\n\n<p><em><span class=\"has-inline-color has-vivid-red-color\">Alkalick\u00e9 bazalty na ju\u017enom Slovensku obsahuj\u00fa xenolity magmatick\u00fdch horn\u00edn, ktor\u00e9 sa nevyskytuj\u00fa inde v Z\u00e1padn\u00fdch Karpatoch. Pozorovan\u00e9 typy horn\u00edn zah\u0155\u0148aj\u00fa mafick\u00e9 gabroidn\u00e9 kumul\u00e1ty, syenity, granity, karbonatity, ako aj metasomatick\u00e9 produkty interakcie magmy s k\u00f4rou (skarny). Magmatick\u00e9 horniny vznikli pri frak\u010dnej kry\u0161taliz\u00e1cii bazaltovej magmy a parci\u00e1lnom taven\u00ed k\u00f4ry. Cie\u013eom projektu je mineralogick\u00e1, geochemick\u00e1, geochronologick\u00e1 a petrologick\u00e1 charakteristika magmatick\u00fdch horn\u00edn, zhodnotenie ich gen\u00e9zy, geotektonick\u00e9ho prostredia, zdroja a metalogenetick\u00e9ho potenci\u00e1lu s oh\u013eadom na mo\u017en\u00fd v\u00fdskyt kritick\u00fdch prvkov (Nb, Ta, U, Th, vz\u00e1cne zeminy). \u010eal\u0161\u00edm cie\u013eom projektu je rekon\u0161trukcia zlo\u017eenia predterci\u00e9rnej k\u00f4ry v oblasti ju\u017en\u00e9ho Slovenska.<\/span><\/em><\/p>\n\n\n\n<\/div>\n\n\n\n<p><strong><strong><strong>VEGA 2\/0013\/20<\/strong><\/strong> <\/strong>(2020-2024, hlavn\u00fd rie\u0161ite\u013e prof. J. Sot\u00e1k, rie\u0161ite\u013e za katedru: O. Lintnerov\u00e1) \u201eChronol\u00f3gia glob\u00e1lnych udalost\u00ed v teth\u00fddnych a parateth\u00fddnych panv\u00e1ch Z\u00e1padn\u00fdch Karp\u00e1t na z\u00e1klade evolu\u010dn\u00e9ho v\u00fdvoja a \u017eivotn\u00fdch podmienok fos\u00edlnych planktonick\u00fdch organizmov<strong>.<\/strong>\u201d<\/p>\n\n\n\n<p><\/p>\n","protected":false},"excerpt":{"rendered":"<p>APVV APVV-23-0227, 1.9.2024-30.6 2028&nbsp;ved\u00faci projektu: K. \u0160arinov\u00e1: Geochronol\u00f3gia a vulkanizmus &hellip; <\/p>\n","protected":false},"author":2,"featured_media":0,"parent":0,"menu_order":0,"comment_status":"closed","ping_status":"closed","template":"","meta":{"_monsterinsights_skip_tracking":false,"_monsterinsights_sitenote_active":false,"_monsterinsights_sitenote_note":"","_monsterinsights_sitenote_category":0,"ngg_post_thumbnail":0},"folder":[51],"yoast_head":"<!-- This site is optimized with the Yoast SEO plugin v19.4 - https:\/\/yoast.com\/wordpress\/plugins\/seo\/ -->\n<title>Aktu\u00e1lne rie\u0161en\u00e9 projekty katedry - Katedra mineral\u00f3gie, petrol\u00f3gie a lo\u017eiskovej geol\u00f3gie<\/title>\n<meta name=\"robots\" content=\"index, follow, max-snippet:-1, max-image-preview:large, max-video-preview:-1\" \/>\n<link rel=\"canonical\" href=\"https:\/\/kmplg.sk\/?page_id=118\" \/>\n<meta property=\"og:locale\" content=\"sk_SK\" \/>\n<meta property=\"og:type\" content=\"article\" \/>\n<meta property=\"og:title\" content=\"Aktu\u00e1lne rie\u0161en\u00e9 projekty katedry - Katedra mineral\u00f3gie, petrol\u00f3gie a lo\u017eiskovej geol\u00f3gie\" \/>\n<meta property=\"og:description\" content=\"APVV APVV-23-0227, 1.9.2024-30.6 2028&nbsp;ved\u00faci projektu: K. \u0160arinov\u00e1: Geochronol\u00f3gia a vulkanizmus &hellip;\" \/>\n<meta property=\"og:url\" content=\"https:\/\/kmplg.sk\/?page_id=118\" \/>\n<meta property=\"og:site_name\" content=\"Katedra mineral\u00f3gie, petrol\u00f3gie a lo\u017eiskovej geol\u00f3gie\" \/>\n<meta property=\"article:publisher\" content=\"https:\/\/www.facebook.com\/kmplg\/\" \/>\n<meta property=\"article:modified_time\" content=\"2026-03-31T10:01:09+00:00\" \/>\n<meta name=\"twitter:card\" content=\"summary_large_image\" \/>\n<meta name=\"twitter:label1\" content=\"Predpokladan\u00fd \u010das \u010d\u00edtania\" \/>\n\t<meta name=\"twitter:data1\" content=\"3 min\u00faty\" \/>\n<script type=\"application\/ld+json\" class=\"yoast-schema-graph\">{\"@context\":\"https:\/\/schema.org\",\"@graph\":[{\"@type\":\"WebSite\",\"@id\":\"https:\/\/kmplg.sk\/#website\",\"url\":\"https:\/\/kmplg.sk\/\",\"name\":\"Katedra mineral\u00f3gie, petrol\u00f3gie a lo\u017eiskovej geol\u00f3gie\",\"description\":\"Pr\u00edrodovedeck\u00e1 fakulta Univerzity Komensk\u00e9ho v Bratislave\",\"potentialAction\":[{\"@type\":\"SearchAction\",\"target\":{\"@type\":\"EntryPoint\",\"urlTemplate\":\"https:\/\/kmplg.sk\/?s={search_term_string}\"},\"query-input\":\"required name=search_term_string\"}],\"inLanguage\":\"sk-SK\"},{\"@type\":\"WebPage\",\"@id\":\"https:\/\/kmplg.sk\/?page_id=118\",\"url\":\"https:\/\/kmplg.sk\/?page_id=118\",\"name\":\"Aktu\u00e1lne rie\u0161en\u00e9 projekty katedry - Katedra mineral\u00f3gie, petrol\u00f3gie a lo\u017eiskovej geol\u00f3gie\",\"isPartOf\":{\"@id\":\"https:\/\/kmplg.sk\/#website\"},\"datePublished\":\"2021-03-05T05:49:15+00:00\",\"dateModified\":\"2026-03-31T10:01:09+00:00\",\"breadcrumb\":{\"@id\":\"https:\/\/kmplg.sk\/?page_id=118#breadcrumb\"},\"inLanguage\":\"sk-SK\",\"potentialAction\":[{\"@type\":\"ReadAction\",\"target\":[\"https:\/\/kmplg.sk\/?page_id=118\"]}]},{\"@type\":\"BreadcrumbList\",\"@id\":\"https:\/\/kmplg.sk\/?page_id=118#breadcrumb\",\"itemListElement\":[{\"@type\":\"ListItem\",\"position\":1,\"name\":\"Home\",\"item\":\"https:\/\/kmplg.sk\/\"},{\"@type\":\"ListItem\",\"position\":2,\"name\":\"Aktu\u00e1lne rie\u0161en\u00e9 projekty katedry\"}]}]}<\/script>\n<!-- \/ Yoast SEO plugin. -->","yoast_head_json":{"title":"Aktu\u00e1lne rie\u0161en\u00e9 projekty katedry - Katedra mineral\u00f3gie, petrol\u00f3gie a lo\u017eiskovej geol\u00f3gie","robots":{"index":"index","follow":"follow","max-snippet":"max-snippet:-1","max-image-preview":"max-image-preview:large","max-video-preview":"max-video-preview:-1"},"canonical":"https:\/\/kmplg.sk\/?page_id=118","og_locale":"sk_SK","og_type":"article","og_title":"Aktu\u00e1lne rie\u0161en\u00e9 projekty katedry - Katedra mineral\u00f3gie, petrol\u00f3gie a lo\u017eiskovej geol\u00f3gie","og_description":"APVV APVV-23-0227, 1.9.2024-30.6 2028&nbsp;ved\u00faci projektu: K. \u0160arinov\u00e1: Geochronol\u00f3gia a vulkanizmus &hellip;","og_url":"https:\/\/kmplg.sk\/?page_id=118","og_site_name":"Katedra mineral\u00f3gie, petrol\u00f3gie a lo\u017eiskovej geol\u00f3gie","article_publisher":"https:\/\/www.facebook.com\/kmplg\/","article_modified_time":"2026-03-31T10:01:09+00:00","twitter_card":"summary_large_image","twitter_misc":{"Predpokladan\u00fd \u010das \u010d\u00edtania":"3 min\u00faty"},"schema":{"@context":"https:\/\/schema.org","@graph":[{"@type":"WebSite","@id":"https:\/\/kmplg.sk\/#website","url":"https:\/\/kmplg.sk\/","name":"Katedra mineral\u00f3gie, petrol\u00f3gie a lo\u017eiskovej geol\u00f3gie","description":"Pr\u00edrodovedeck\u00e1 fakulta Univerzity Komensk\u00e9ho v Bratislave","potentialAction":[{"@type":"SearchAction","target":{"@type":"EntryPoint","urlTemplate":"https:\/\/kmplg.sk\/?s={search_term_string}"},"query-input":"required name=search_term_string"}],"inLanguage":"sk-SK"},{"@type":"WebPage","@id":"https:\/\/kmplg.sk\/?page_id=118","url":"https:\/\/kmplg.sk\/?page_id=118","name":"Aktu\u00e1lne rie\u0161en\u00e9 projekty katedry - Katedra mineral\u00f3gie, petrol\u00f3gie a lo\u017eiskovej geol\u00f3gie","isPartOf":{"@id":"https:\/\/kmplg.sk\/#website"},"datePublished":"2021-03-05T05:49:15+00:00","dateModified":"2026-03-31T10:01:09+00:00","breadcrumb":{"@id":"https:\/\/kmplg.sk\/?page_id=118#breadcrumb"},"inLanguage":"sk-SK","potentialAction":[{"@type":"ReadAction","target":["https:\/\/kmplg.sk\/?page_id=118"]}]},{"@type":"BreadcrumbList","@id":"https:\/\/kmplg.sk\/?page_id=118#breadcrumb","itemListElement":[{"@type":"ListItem","position":1,"name":"Home","item":"https:\/\/kmplg.sk\/"},{"@type":"ListItem","position":2,"name":"Aktu\u00e1lne rie\u0161en\u00e9 projekty katedry"}]}]}},"_links":{"self":[{"href":"https:\/\/kmplg.sk\/index.php?rest_route=\/wp\/v2\/pages\/118"}],"collection":[{"href":"https:\/\/kmplg.sk\/index.php?rest_route=\/wp\/v2\/pages"}],"about":[{"href":"https:\/\/kmplg.sk\/index.php?rest_route=\/wp\/v2\/types\/page"}],"author":[{"embeddable":true,"href":"https:\/\/kmplg.sk\/index.php?rest_route=\/wp\/v2\/users\/2"}],"replies":[{"embeddable":true,"href":"https:\/\/kmplg.sk\/index.php?rest_route=%2Fwp%2Fv2%2Fcomments&post=118"}],"version-history":[{"count":5,"href":"https:\/\/kmplg.sk\/index.php?rest_route=\/wp\/v2\/pages\/118\/revisions"}],"predecessor-version":[{"id":3691,"href":"https:\/\/kmplg.sk\/index.php?rest_route=\/wp\/v2\/pages\/118\/revisions\/3691"}],"wp:attachment":[{"href":"https:\/\/kmplg.sk\/index.php?rest_route=%2Fwp%2Fv2%2Fmedia&parent=118"}],"wp:term":[{"taxonomy":"folder","embeddable":true,"href":"https:\/\/kmplg.sk\/index.php?rest_route=%2Fwp%2Fv2%2Ffolder&post=118"}],"curies":[{"name":"wp","href":"https:\/\/api.w.org\/{rel}","templated":true}]}}