{"id":1043,"date":"2021-04-13T12:18:22","date_gmt":"2021-04-13T10:18:22","guid":{"rendered":"http:\/\/kmplg.sk\/?page_id=1043"},"modified":"2026-01-16T12:52:25","modified_gmt":"2026-01-16T11:52:25","slug":"seg-bratislava","status":"publish","type":"page","link":"https:\/\/kmplg.sk\/?page_id=1043&lang=en","title":{"rendered":"SEG Bratislava, Student Chapter"},"content":{"rendered":"\n<p><strong>SEG Bratislava <\/strong>is a Slovak organisation that primarily brings together students of geological sciences at the Faculty of Natural Sciences of Comenius University in Bratislava, as well as other experts and supporters of geosciences. The organisation was founded at the initiative of Prof. Peter Kod\u011bra, PhD. and doctoral students of geology and environmental science. The Slovak SEG, student chapter, was formed in 2011 and is run by students as well as scientific and pedagogical staff of the Department of Mineralogy, Petrology, and Economic Geology.<\/p>\n\n\n\n<figure class=\"wp-block-image size-large\"><img loading=\"lazy\" width=\"1024\" height=\"576\" src=\"https:\/\/kmplg.sk\/wp-content\/uploads\/2026\/01\/547721665_1505364417171772_6950248356840547101_n-1024x576.jpg\" alt=\"\" class=\"wp-image-3633\" srcset=\"https:\/\/kmplg.sk\/wp-content\/uploads\/2026\/01\/547721665_1505364417171772_6950248356840547101_n-1024x576.jpg 1024w, https:\/\/kmplg.sk\/wp-content\/uploads\/2026\/01\/547721665_1505364417171772_6950248356840547101_n-300x169.jpg 300w, https:\/\/kmplg.sk\/wp-content\/uploads\/2026\/01\/547721665_1505364417171772_6950248356840547101_n-768x432.jpg 768w, https:\/\/kmplg.sk\/wp-content\/uploads\/2026\/01\/547721665_1505364417171772_6950248356840547101_n-1536x864.jpg 1536w, https:\/\/kmplg.sk\/wp-content\/uploads\/2026\/01\/547721665_1505364417171772_6950248356840547101_n-107x60.jpg 107w, https:\/\/kmplg.sk\/wp-content\/uploads\/2026\/01\/547721665_1505364417171772_6950248356840547101_n.jpg 1600w\" sizes=\"(max-width: 1024px) 100vw, 1024px\" \/><\/figure>\n\n\n\n<p>SEG Bratislava has been officially part of the global organisation Society of Economic Geologists since January 13, 2012. This society operates in the field of applied geology with an interest focused on mineral deposits. Currently, the organisation brings together more than 5,000 professional members from 90 countries around the world. Its members work at leading world universities, in major industrial concerns and in state administration. Every year it organises conferences, courses, annual reports and symposia. It publishes the prestigious scientific journal Economic Geology (IF 2.021, 2010) and a number of other professional publications. Individual branches from different countries organise excursions around the world and thus contribute to a sophisticated system of ensuring continuous communication between experts from different areas of the geological world.<\/p>\n\n\n\n<p>The main goal of our organisation is to provide information in the fields of deposit geology, applied mineralogy and environmental geochemistry to potential job seekers in this field. We want to contribute to increasing professional knowledge and communication skills in the field of geological sciences with a focus on application in practice, and to introduce students to trends in geology in our country and around the world.<\/p>\n\n\n\n<p>Any student or young researcher at the Faculty of Natural Sciences of Comenius University in Bratislava, or another institution with a primary focus on geology, can become a member of SEG Bratislava, student chapter.<\/p>\n\n\n\n<p><strong>Kontakt:<\/strong> <a href=\"mailto:segstudentchapter.bratislava@gmail.com\">segstudentchapter.bratislava@gmail.com<\/a><\/p>\n\n\n\n<p><strong><a href=\"https:\/\/www.facebook.com\/profile.php?id=61580885530137&amp;mibextid=wwXIfr&amp;rdid=kDwSvK5s2JM6Cgvq&amp;share_url=https%3A%2F%2Fwww.facebook.com%2Fshare%2F17786V1Qv8%2F%3Fmibextid%3DwwXIfr#\">Facebook<\/a><\/strong>, <a href=\"https:\/\/www.facebook.com\/groups\/109202542503302\/\"><strong>Facebook Group<\/strong><\/a>, <a href=\"https:\/\/www.instagram.com\/seg_bratislava\/?igsh=Y3RpNDA2ZTNvcmV0#\"><strong>Instagram<\/strong><\/a><\/p>\n","protected":false},"excerpt":{"rendered":"<p>SEG Bratislava is a Slovak organisation that primarily brings together &hellip; <\/p>\n","protected":false},"author":2,"featured_media":0,"parent":0,"menu_order":0,"comment_status":"closed","ping_status":"closed","template":"","meta":{"_monsterinsights_skip_tracking":false,"_monsterinsights_sitenote_active":false,"_monsterinsights_sitenote_note":"","_monsterinsights_sitenote_category":0,"ngg_post_thumbnail":0},"folder":[56],"yoast_head":"<!-- This site is optimized with the Yoast SEO plugin v19.4 - https:\/\/yoast.com\/wordpress\/plugins\/seo\/ -->\n<title>SEG Bratislava, Student Chapter - Katedra mineral\u00f3gie, petrol\u00f3gie a lo\u017eiskovej geol\u00f3gie<\/title>\n<meta name=\"robots\" content=\"index, follow, max-snippet:-1, max-image-preview:large, max-video-preview:-1\" \/>\n<link rel=\"canonical\" href=\"https:\/\/kmplg.sk\/?page_id=1043&lang=en\" \/>\n<meta property=\"og:locale\" content=\"sk_SK\" \/>\n<meta property=\"og:type\" content=\"article\" \/>\n<meta property=\"og:title\" content=\"SEG Bratislava, Student Chapter - Katedra mineral\u00f3gie, petrol\u00f3gie a lo\u017eiskovej geol\u00f3gie\" \/>\n<meta property=\"og:description\" content=\"SEG Bratislava is a Slovak organisation that primarily brings together &hellip;\" \/>\n<meta property=\"og:url\" content=\"https:\/\/kmplg.sk\/?page_id=1043&amp;lang=en\" \/>\n<meta property=\"og:site_name\" content=\"Katedra mineral\u00f3gie, petrol\u00f3gie a lo\u017eiskovej geol\u00f3gie\" \/>\n<meta property=\"article:publisher\" content=\"https:\/\/www.facebook.com\/kmplg\/\" \/>\n<meta property=\"article:modified_time\" content=\"2026-01-16T11:52:25+00:00\" \/>\n<meta property=\"og:image\" content=\"https:\/\/kmplg.sk\/wp-content\/uploads\/2026\/01\/547721665_1505364417171772_6950248356840547101_n-1024x576.jpg\" \/>\n<meta name=\"twitter:card\" content=\"summary_large_image\" \/>\n<meta name=\"twitter:label1\" content=\"Predpokladan\u00fd \u010das \u010d\u00edtania\" \/>\n\t<meta name=\"twitter:data1\" content=\"2 min\u00faty\" \/>\n<script type=\"application\/ld+json\" class=\"yoast-schema-graph\">{\"@context\":\"https:\/\/schema.org\",\"@graph\":[{\"@type\":\"WebSite\",\"@id\":\"https:\/\/kmplg.sk\/#website\",\"url\":\"https:\/\/kmplg.sk\/\",\"name\":\"Katedra mineral\u00f3gie, petrol\u00f3gie a lo\u017eiskovej geol\u00f3gie\",\"description\":\"Pr\u00edrodovedeck\u00e1 fakulta Univerzity Komensk\u00e9ho v Bratislave\",\"potentialAction\":[{\"@type\":\"SearchAction\",\"target\":{\"@type\":\"EntryPoint\",\"urlTemplate\":\"https:\/\/kmplg.sk\/?s={search_term_string}\"},\"query-input\":\"required name=search_term_string\"}],\"inLanguage\":\"sk-SK\"},{\"@type\":\"WebPage\",\"@id\":\"https:\/\/kmplg.sk\/?page_id=1043&lang=en\",\"url\":\"https:\/\/kmplg.sk\/?page_id=1043&lang=en\",\"name\":\"SEG Bratislava, Student Chapter - Katedra mineral\u00f3gie, petrol\u00f3gie a lo\u017eiskovej geol\u00f3gie\",\"isPartOf\":{\"@id\":\"https:\/\/kmplg.sk\/#website\"},\"datePublished\":\"2021-04-13T10:18:22+00:00\",\"dateModified\":\"2026-01-16T11:52:25+00:00\",\"breadcrumb\":{\"@id\":\"https:\/\/kmplg.sk\/?page_id=1043&lang=en#breadcrumb\"},\"inLanguage\":\"sk-SK\",\"potentialAction\":[{\"@type\":\"ReadAction\",\"target\":[\"https:\/\/kmplg.sk\/?page_id=1043&lang=en\"]}]},{\"@type\":\"BreadcrumbList\",\"@id\":\"https:\/\/kmplg.sk\/?page_id=1043&lang=en#breadcrumb\",\"itemListElement\":[{\"@type\":\"ListItem\",\"position\":1,\"name\":\"Home\",\"item\":\"https:\/\/kmplg.sk\/\"},{\"@type\":\"ListItem\",\"position\":2,\"name\":\"SEG Bratislava, Student Chapter\"}]}]}<\/script>\n<!-- \/ Yoast SEO plugin. -->","yoast_head_json":{"title":"SEG Bratislava, Student Chapter - Katedra mineral\u00f3gie, petrol\u00f3gie a lo\u017eiskovej geol\u00f3gie","robots":{"index":"index","follow":"follow","max-snippet":"max-snippet:-1","max-image-preview":"max-image-preview:large","max-video-preview":"max-video-preview:-1"},"canonical":"https:\/\/kmplg.sk\/?page_id=1043&lang=en","og_locale":"sk_SK","og_type":"article","og_title":"SEG Bratislava, Student Chapter - Katedra mineral\u00f3gie, petrol\u00f3gie a lo\u017eiskovej geol\u00f3gie","og_description":"SEG Bratislava is a Slovak organisation that primarily brings together &hellip;","og_url":"https:\/\/kmplg.sk\/?page_id=1043&lang=en","og_site_name":"Katedra mineral\u00f3gie, petrol\u00f3gie a lo\u017eiskovej geol\u00f3gie","article_publisher":"https:\/\/www.facebook.com\/kmplg\/","article_modified_time":"2026-01-16T11:52:25+00:00","og_image":[{"url":"https:\/\/kmplg.sk\/wp-content\/uploads\/2026\/01\/547721665_1505364417171772_6950248356840547101_n-1024x576.jpg"}],"twitter_card":"summary_large_image","twitter_misc":{"Predpokladan\u00fd \u010das \u010d\u00edtania":"2 min\u00faty"},"schema":{"@context":"https:\/\/schema.org","@graph":[{"@type":"WebSite","@id":"https:\/\/kmplg.sk\/#website","url":"https:\/\/kmplg.sk\/","name":"Katedra mineral\u00f3gie, petrol\u00f3gie a lo\u017eiskovej geol\u00f3gie","description":"Pr\u00edrodovedeck\u00e1 fakulta Univerzity Komensk\u00e9ho v Bratislave","potentialAction":[{"@type":"SearchAction","target":{"@type":"EntryPoint","urlTemplate":"https:\/\/kmplg.sk\/?s={search_term_string}"},"query-input":"required name=search_term_string"}],"inLanguage":"sk-SK"},{"@type":"WebPage","@id":"https:\/\/kmplg.sk\/?page_id=1043&lang=en","url":"https:\/\/kmplg.sk\/?page_id=1043&lang=en","name":"SEG Bratislava, Student Chapter - Katedra mineral\u00f3gie, petrol\u00f3gie a lo\u017eiskovej geol\u00f3gie","isPartOf":{"@id":"https:\/\/kmplg.sk\/#website"},"datePublished":"2021-04-13T10:18:22+00:00","dateModified":"2026-01-16T11:52:25+00:00","breadcrumb":{"@id":"https:\/\/kmplg.sk\/?page_id=1043&lang=en#breadcrumb"},"inLanguage":"sk-SK","potentialAction":[{"@type":"ReadAction","target":["https:\/\/kmplg.sk\/?page_id=1043&lang=en"]}]},{"@type":"BreadcrumbList","@id":"https:\/\/kmplg.sk\/?page_id=1043&lang=en#breadcrumb","itemListElement":[{"@type":"ListItem","position":1,"name":"Home","item":"https:\/\/kmplg.sk\/"},{"@type":"ListItem","position":2,"name":"SEG Bratislava, Student Chapter"}]}]}},"_links":{"self":[{"href":"https:\/\/kmplg.sk\/index.php?rest_route=\/wp\/v2\/pages\/1043"}],"collection":[{"href":"https:\/\/kmplg.sk\/index.php?rest_route=\/wp\/v2\/pages"}],"about":[{"href":"https:\/\/kmplg.sk\/index.php?rest_route=\/wp\/v2\/types\/page"}],"author":[{"embeddable":true,"href":"https:\/\/kmplg.sk\/index.php?rest_route=\/wp\/v2\/users\/2"}],"replies":[{"embeddable":true,"href":"https:\/\/kmplg.sk\/index.php?rest_route=%2Fwp%2Fv2%2Fcomments&post=1043"}],"version-history":[{"count":3,"href":"https:\/\/kmplg.sk\/index.php?rest_route=\/wp\/v2\/pages\/1043\/revisions"}],"predecessor-version":[{"id":3639,"href":"https:\/\/kmplg.sk\/index.php?rest_route=\/wp\/v2\/pages\/1043\/revisions\/3639"}],"wp:attachment":[{"href":"https:\/\/kmplg.sk\/index.php?rest_route=%2Fwp%2Fv2%2Fmedia&parent=1043"}],"wp:term":[{"taxonomy":"folder","embeddable":true,"href":"https:\/\/kmplg.sk\/index.php?rest_route=%2Fwp%2Fv2%2Ffolder&post=1043"}],"curies":[{"name":"wp","href":"https:\/\/api.w.org\/{rel}","templated":true}]}}